CRAN Package Check Results for Package spatstat

Last updated on 2020-03-27 00:49:37 CET.

Flavor Version Tinstall Tcheck Ttotal Status Flags
r-devel-linux-x86_64-debian-clang 1.63-3 172.53 1025.06 1197.59 OK --no-tests
r-devel-linux-x86_64-debian-gcc 1.63-3 140.05 750.88 890.93 OK --no-tests
r-devel-linux-x86_64-fedora-clang 1.63-3 1436.74 NOTE
r-devel-linux-x86_64-fedora-gcc 1.63-3 1294.22 OK
r-devel-windows-ix86+x86_64 1.63-3 277.00 559.00 836.00 WARN --no-examples --no-tests --no-vignettes
r-devel-windows-ix86+x86_64-gcc8 1.63-3 286.00 490.00 776.00 NOTE --no-examples --no-tests --no-vignettes
r-patched-linux-x86_64 1.63-3 145.73 902.91 1048.64 OK --no-tests
r-patched-solaris-x86 1.63-3 2992.70 NOTE
r-release-linux-x86_64 1.63-3 147.90 905.53 1053.43 OK --no-tests
r-release-windows-ix86+x86_64 1.63-3 394.00 473.00 867.00 NOTE --no-examples --no-tests --no-vignettes
r-release-osx-x86_64 1.63-3 NOTE
r-oldrel-windows-ix86+x86_64 1.63-3 407.00 614.00 1021.00 NOTE --no-examples --no-tests --no-vignettes
r-oldrel-osx-x86_64 1.63-3 NOTE

Check Details

Version: 1.63-3
Check: installed package size
Result: NOTE
     installed size is 18.6Mb
     sub-directories of 1Mb or more:
     R 5.3Mb
     doc 4.9Mb
     help 5.2Mb
     libs 2.1Mb
Flavors: r-devel-linux-x86_64-fedora-clang, r-patched-solaris-x86, r-release-osx-x86_64, r-oldrel-osx-x86_64

Version: 1.63-3
Flags: --no-examples --no-tests --no-vignettes
Check: installed package size
Result: NOTE
     installed size is 17.6Mb
     sub-directories of 1Mb or more:
     R 5.3Mb
     doc 4.9Mb
     help 5.3Mb
     libs 1.2Mb
Flavors: r-devel-windows-ix86+x86_64, r-devel-windows-ix86+x86_64-gcc8, r-release-windows-ix86+x86_64, r-oldrel-windows-ix86+x86_64

Version: 1.63-3
Flags: --no-examples --no-tests --no-vignettes
Check: S3 generic/method consistency
Result: WARN
    lengths:
     function(x, use.names)
    lengths.psp:
     function(x, squared)
    
    See section 'Generic functions and methods' in the 'Writing R
    Extensions' manual.
    
    Found the following apparent S3 methods exported but not registered:
     lengths.psp
    See section 'Registering S3 methods' in the 'Writing R Extensions'
    manual.
Flavor: r-devel-windows-ix86+x86_64

Version: 1.63-3
Flags: --no-examples --no-tests --no-vignettes
Check: Rd \usage sections
Result: NOTE
    S3 methods shown with full name in documentation object 'lengths.psp':
     'lengths.psp'
    
    The \usage entries for S3 methods should use the \method markup and not
    their full name.
    See chapter 'Writing R documentation files' in the 'Writing R
    Extensions' manual.
Flavor: r-devel-windows-ix86+x86_64

Version: 1.63-3
Check: package dependencies
Result: NOTE
    Package suggested but not available for checking: ‘rpanel’
Flavors: r-release-osx-x86_64, r-oldrel-osx-x86_64

Version: 1.63-3
Check: dependencies in R code
Result: NOTE
    No protocol specified
    No protocol specified
Flavors: r-release-osx-x86_64, r-oldrel-osx-x86_64