Last updated on 2020-03-27 00:49:38 CET.
Flavor | Version | Tinstall | Tcheck | Ttotal | Status | Flags |
---|---|---|---|---|---|---|
r-devel-linux-x86_64-debian-clang | 1.0.3.4 | 18.49 | 174.49 | 192.98 | NOTE | |
r-devel-linux-x86_64-debian-gcc | 1.0.3.4 | 16.39 | 137.55 | 153.94 | NOTE | |
r-devel-linux-x86_64-fedora-clang | 1.0.3.4 | 255.47 | NOTE | |||
r-devel-linux-x86_64-fedora-gcc | 1.0.3.4 | 217.27 | NOTE | |||
r-devel-windows-ix86+x86_64 | 1.0.3.4 | 49.00 | 199.00 | 248.00 | OK | |
r-devel-windows-ix86+x86_64-gcc8 | 1.0.3.4 | 40.00 | 225.00 | 265.00 | OK | |
r-patched-linux-x86_64 | 1.0.3.4 | 15.95 | 155.66 | 171.61 | OK | |
r-patched-solaris-x86 | 1.0.3.4 | 400.80 | NOTE | |||
r-release-linux-x86_64 | 1.0.3.4 | 15.06 | 152.93 | 167.99 | OK | |
r-release-windows-ix86+x86_64 | 1.0.3.4 | 63.00 | 300.00 | 363.00 | OK | |
r-release-osx-x86_64 | 1.0.3.4 | ERROR | ||||
r-oldrel-windows-ix86+x86_64 | 1.0.3.4 | 40.00 | 279.00 | 319.00 | OK | |
r-oldrel-osx-x86_64 | 1.0.3.4 | ERROR |
Version: 1.0.3.4
Check: for non-standard things in the check directory
Result: NOTE
Found the following files/directories:
'EmiStatR_output' 'ExamplePlot-event.pdf' 'ExamplePlot-season.pdf'
'Output1_MC-uncertainty_360min-event.pdf'
'Output1_MC-uncertainty_360min-season.pdf' 'gof.RData' 'gof.csv'
'gofGoF_results.RData' 'gofGoF_results.csv' 'mc.RData' 'sim1.RData'
'summ.RData' 'variance.RData'
Flavors: r-devel-linux-x86_64-debian-clang, r-devel-linux-x86_64-debian-gcc, r-devel-linux-x86_64-fedora-clang, r-devel-linux-x86_64-fedora-gcc, r-patched-solaris-x86
Version: 1.0.3.4
Check: package dependencies
Result: ERROR
Package required but not available: ‘EmiStatR’
See section ‘The DESCRIPTION file’ in the ‘Writing R Extensions’
manual.
Flavor: r-release-osx-x86_64
Version: 1.0.3.4
Check: whether package can be installed
Result: ERROR
Installation failed.
Flavor: r-oldrel-osx-x86_64