Last updated on 2020-03-27 00:49:38 CET.
Flavor | Version | Tinstall | Tcheck | Ttotal | Status | Flags |
---|---|---|---|---|---|---|
r-devel-linux-x86_64-debian-clang | 5.2.2 | 11.44 | 54.69 | 66.13 | NOTE | |
r-devel-linux-x86_64-debian-gcc | 5.2.2 | 9.93 | 40.92 | 50.85 | NOTE | |
r-devel-linux-x86_64-fedora-clang | 5.2.2 | 82.79 | NOTE | |||
r-devel-linux-x86_64-fedora-gcc | 5.2.2 | 79.24 | NOTE | |||
r-devel-windows-ix86+x86_64 | 5.2.2 | 16.00 | 84.00 | 100.00 | OK | |
r-devel-windows-ix86+x86_64-gcc8 | 5.2.2 | 16.00 | 66.00 | 82.00 | OK | |
r-patched-linux-x86_64 | 5.2.2 | 9.77 | 47.91 | 57.68 | NOTE | |
r-patched-solaris-x86 | 5.2.2 | 100.30 | NOTE | |||
r-release-linux-x86_64 | 5.2.2 | 10.21 | 47.95 | 58.16 | NOTE | |
r-release-windows-ix86+x86_64 | 5.2.2 | 17.00 | 80.00 | 97.00 | OK | |
r-release-osx-x86_64 | 5.2.2 | NOTE | ||||
r-oldrel-windows-ix86+x86_64 | 5.2.2 | 13.00 | 60.00 | 73.00 | OK | |
r-oldrel-osx-x86_64 | 5.2.2 | OK |
Version: 5.2.2
Check: package dependencies
Result: NOTE
Package which this enhances but not available for checking: 'Zelig'
Flavors: r-devel-linux-x86_64-debian-clang, r-devel-linux-x86_64-debian-gcc, r-devel-linux-x86_64-fedora-clang, r-devel-linux-x86_64-fedora-gcc, r-patched-linux-x86_64, r-patched-solaris-x86, r-release-linux-x86_64
Version: 5.2.2
Check: package dependencies
Result: NOTE
Package which this enhances but not available for checking: ‘mnlogit’
Flavor: r-release-osx-x86_64