Last updated on 2020-03-27 00:49:38 CET.
Flavor | Version | Tinstall | Tcheck | Ttotal | Status | Flags |
---|---|---|---|---|---|---|
r-devel-linux-x86_64-debian-clang | 2.0.4 | 166.59 | 135.48 | 302.07 | OK | |
r-devel-linux-x86_64-debian-gcc | 2.0.4 | 109.28 | 103.22 | 212.50 | OK | |
r-devel-linux-x86_64-fedora-clang | 2.0.4 | 459.01 | NOTE | |||
r-devel-linux-x86_64-fedora-gcc | 2.0.4 | 385.93 | OK | |||
r-devel-windows-ix86+x86_64 | 2.0.4 | 267.00 | 213.00 | 480.00 | NOTE | |
r-devel-windows-ix86+x86_64-gcc8 | 2.0.4 | 312.00 | 246.00 | 558.00 | NOTE | |
r-patched-linux-x86_64 | 2.0.4 | 130.22 | 138.06 | 268.28 | OK | |
r-patched-solaris-x86 | 2.0.4 | 474.60 | OK | |||
r-release-linux-x86_64 | 2.0.4 | 132.94 | 139.35 | 272.29 | OK | |
r-release-windows-ix86+x86_64 | 2.0.4 | 405.00 | 246.00 | 651.00 | NOTE | |
r-release-osx-x86_64 | 2.0.4 | NOTE | ||||
r-oldrel-windows-ix86+x86_64 | 2.0.4 | 384.00 | 275.00 | 659.00 | NOTE | |
r-oldrel-osx-x86_64 | 2.0.4 | NOTE |
Version: 2.0.4
Check: installed package size
Result: NOTE
installed size is 8.3Mb
sub-directories of 1Mb or more:
doc 2.6Mb
libs 5.2Mb
Flavors: r-devel-linux-x86_64-fedora-clang, r-devel-windows-ix86+x86_64, r-devel-windows-ix86+x86_64-gcc8, r-release-windows-ix86+x86_64, r-release-osx-x86_64, r-oldrel-windows-ix86+x86_64, r-oldrel-osx-x86_64