Last updated on 2020-03-27 00:49:38 CET.
Flavor | Version | Tinstall | Tcheck | Ttotal | Status | Flags |
---|---|---|---|---|---|---|
r-devel-linux-x86_64-debian-clang | 1.0 | 1.89 | 22.53 | 24.42 | OK | |
r-devel-linux-x86_64-debian-gcc | 1.0 | 1.70 | 17.77 | 19.47 | OK | |
r-devel-linux-x86_64-fedora-clang | 1.0 | 33.82 | NOTE | |||
r-devel-linux-x86_64-fedora-gcc | 1.0 | 29.24 | NOTE | |||
r-devel-windows-ix86+x86_64 | 1.0 | 5.00 | 32.00 | 37.00 | OK | |
r-devel-windows-ix86+x86_64-gcc8 | 1.0 | 5.00 | 39.00 | 44.00 | OK | |
r-patched-linux-x86_64 | 1.0 | 1.61 | 20.22 | 21.83 | OK | |
r-patched-solaris-x86 | 1.0 | 49.30 | NOTE | |||
r-release-linux-x86_64 | 1.0 | 1.53 | 21.13 | 22.66 | OK | |
r-release-windows-ix86+x86_64 | 1.0 | 22.00 | 52.00 | 74.00 | OK | |
r-release-osx-x86_64 | 1.0 | NOTE | ||||
r-oldrel-windows-ix86+x86_64 | 1.0 | 4.00 | 50.00 | 54.00 | OK | |
r-oldrel-osx-x86_64 | 1.0 | NOTE |
Version: 1.0
Check: data for non-ASCII characters
Result: NOTE
Note: found 11969 marked UTF-8 strings
Flavors: r-devel-linux-x86_64-fedora-clang, r-devel-linux-x86_64-fedora-gcc, r-patched-solaris-x86, r-release-osx-x86_64, r-oldrel-osx-x86_64