CRAN Package Check Results for Package stream

Last updated on 2020-03-27 00:49:38 CET.

Flavor Version Tinstall Tcheck Ttotal Status Flags
r-devel-linux-x86_64-debian-clang 1.3-1 147.22 206.58 353.80 WARN
r-devel-linux-x86_64-debian-gcc 1.3-1 107.38 151.58 258.96 OK
r-devel-linux-x86_64-fedora-clang 1.3-1 372.49 WARN
r-devel-linux-x86_64-fedora-gcc 1.3-1 369.37 OK
r-devel-windows-ix86+x86_64 1.3-1 278.00 269.00 547.00 NOTE
r-devel-windows-ix86+x86_64-gcc8 1.3-1 280.00 320.00 600.00 NOTE
r-patched-linux-x86_64 1.3-1 117.48 170.13 287.61 OK
r-patched-solaris-x86 1.3-1 466.60 OK
r-release-linux-x86_64 1.3-1 118.38 172.54 290.92 OK
r-release-windows-ix86+x86_64 1.3-1 360.00 388.00 748.00 NOTE
r-release-osx-x86_64 1.3-1 WARN
r-oldrel-windows-ix86+x86_64 1.3-1 362.00 374.00 736.00 NOTE
r-oldrel-osx-x86_64 1.3-1 WARN

Check Details

Version: 1.3-1
Check: whether package can be installed
Result: WARN
    Found the following significant warnings:
     BIRCH/CFTree.cpp:18:6: warning: 'this' pointer cannot be null in well-defined C++ code; comparison may be assumed to always evaluate to true [-Wtautological-undefined-compare]
Flavors: r-devel-linux-x86_64-debian-clang, r-devel-linux-x86_64-fedora-clang, r-release-osx-x86_64, r-oldrel-osx-x86_64

Version: 1.3-1
Check: installed package size
Result: NOTE
     installed size is 14.6Mb
     sub-directories of 1Mb or more:
     doc 1.6Mb
     libs 12.2Mb
Flavors: r-devel-linux-x86_64-fedora-clang, r-devel-windows-ix86+x86_64, r-devel-windows-ix86+x86_64-gcc8, r-release-windows-ix86+x86_64, r-release-osx-x86_64, r-oldrel-windows-ix86+x86_64, r-oldrel-osx-x86_64