Last updated on 2020-03-27 00:49:38 CET.
Flavor | Version | Tinstall | Tcheck | Ttotal | Status | Flags |
---|---|---|---|---|---|---|
r-devel-linux-x86_64-debian-clang | 1.4.6 | 116.88 | 52.08 | 168.96 | OK | |
r-devel-linux-x86_64-debian-gcc | 1.4.6 | 63.72 | 40.38 | 104.10 | OK | |
r-devel-linux-x86_64-fedora-clang | 1.4.6 | 278.77 | NOTE | |||
r-devel-linux-x86_64-fedora-gcc | 1.4.6 | 192.65 | OK | |||
r-devel-windows-ix86+x86_64 | 1.4.6 | 1193.00 | 156.00 | 1349.00 | NOTE | |
r-devel-windows-ix86+x86_64-gcc8 | 1.4.6 | 1301.00 | 122.00 | 1423.00 | NOTE | |
r-patched-linux-x86_64 | 1.4.6 | 81.30 | 47.73 | 129.03 | OK | |
r-patched-solaris-x86 | 1.4.6 | 853.30 | NOTE | |||
r-release-linux-x86_64 | 1.4.6 | 78.99 | 47.98 | 126.97 | OK | |
r-release-windows-ix86+x86_64 | 1.4.6 | 1036.00 | 119.00 | 1155.00 | NOTE | |
r-release-osx-x86_64 | 1.4.6 | NOTE | ||||
r-oldrel-windows-ix86+x86_64 | 1.4.6 | 1090.00 | 136.00 | 1226.00 | NOTE | |
r-oldrel-osx-x86_64 | 1.4.6 | NOTE |
Version: 1.4.6
Check: installed package size
Result: NOTE
installed size is 6.1Mb
sub-directories of 1Mb or more:
libs 5.4Mb
Flavors: r-devel-linux-x86_64-fedora-clang, r-devel-windows-ix86+x86_64, r-devel-windows-ix86+x86_64-gcc8, r-patched-solaris-x86, r-release-windows-ix86+x86_64, r-release-osx-x86_64, r-oldrel-windows-ix86+x86_64, r-oldrel-osx-x86_64