CRAN Package Check Results for Package summarytools

Last updated on 2020-03-27 00:49:38 CET.

Flavor Version Tinstall Tcheck Ttotal Status Flags
r-devel-linux-x86_64-debian-clang 0.9.6 17.87 102.63 120.50 OK
r-devel-linux-x86_64-debian-gcc 0.9.6 14.05 76.98 91.03 OK
r-devel-linux-x86_64-fedora-clang 0.9.6 154.35 NOTE
r-devel-linux-x86_64-fedora-gcc 0.9.6 137.88 NOTE
r-devel-windows-ix86+x86_64 0.9.6 20.00 88.00 108.00 OK
r-devel-windows-ix86+x86_64-gcc8 0.9.6 27.00 107.00 134.00 OK
r-patched-linux-x86_64 0.9.6 15.70 90.04 105.74 OK
r-patched-solaris-x86 0.9.6 230.20 NOTE
r-release-linux-x86_64 0.9.6 14.18 90.30 104.48 OK
r-release-windows-ix86+x86_64 0.9.6 43.00 141.00 184.00 OK
r-release-osx-x86_64 0.9.6 WARN
r-oldrel-windows-ix86+x86_64 0.9.6 35.00 128.00 163.00 OK
r-oldrel-osx-x86_64 0.9.6 WARN

Check Details

Version: 0.9.6
Check: data for non-ASCII characters
Result: NOTE
     Note: found 78 marked UTF-8 strings
Flavors: r-devel-linux-x86_64-fedora-clang, r-devel-linux-x86_64-fedora-gcc, r-patched-solaris-x86, r-release-osx-x86_64, r-oldrel-osx-x86_64

Version: 0.9.6
Check: dependencies in R code
Result: NOTE
    No protocol specified
    No protocol specified
    No protocol specified
Flavors: r-release-osx-x86_64, r-oldrel-osx-x86_64

Version: 0.9.6
Check: S3 generic/method consistency
Result: WARN
    No protocol specified
    No protocol specified
    No protocol specified
    See section ‘Generic functions and methods’ in the ‘Writing R
    Extensions’ manual.
Flavors: r-release-osx-x86_64, r-oldrel-osx-x86_64

Version: 0.9.6
Check: replacement functions
Result: WARN
    No protocol specified
    No protocol specified
    No protocol specified
    The argument of a replacement function which corresponds to the right
    hand side must be named ‘value’.
Flavors: r-release-osx-x86_64, r-oldrel-osx-x86_64

Version: 0.9.6
Check: foreign function calls
Result: NOTE
    No protocol specified
    No protocol specified
    No protocol specified
    See chapter ‘System and foreign language interfaces’ in the ‘Writing R
    Extensions’ manual.
Flavors: r-release-osx-x86_64, r-oldrel-osx-x86_64

Version: 0.9.6
Check: R code for possible problems
Result: NOTE
    No protocol specified
    No protocol specified
Flavors: r-release-osx-x86_64, r-oldrel-osx-x86_64

Version: 0.9.6
Check: for missing documentation entries
Result: WARN
    No protocol specified
    No protocol specified
    No protocol specified
    All user-level objects in a package should have documentation entries.
    See chapter ‘Writing R documentation files’ in the ‘Writing R
    Extensions’ manual.
Flavors: r-release-osx-x86_64, r-oldrel-osx-x86_64

Version: 0.9.6
Check: for code/documentation mismatches
Result: WARN
    No protocol specified
    No protocol specified
    No protocol specified
    No protocol specified
    No protocol specified
    No protocol specified
    No protocol specified
    No protocol specified
    No protocol specified
Flavors: r-release-osx-x86_64, r-oldrel-osx-x86_64

Version: 0.9.6
Check: Rd \usage sections
Result: NOTE
    No protocol specified
    No protocol specified
    No protocol specified
    The \usage entries for S3 methods should use the \method markup and not
    their full name.
    See chapter ‘Writing R documentation files’ in the ‘Writing R
    Extensions’ manual.
Flavors: r-release-osx-x86_64, r-oldrel-osx-x86_64