Last updated on 2020-03-27 00:49:38 CET.
Flavor | Version | Tinstall | Tcheck | Ttotal | Status | Flags |
---|---|---|---|---|---|---|
r-devel-linux-x86_64-debian-clang | 0.4.6 | 17.63 | 209.11 | 226.74 | OK | |
r-devel-linux-x86_64-debian-gcc | 0.4.6 | 14.39 | 152.26 | 166.65 | OK | |
r-devel-linux-x86_64-fedora-clang | 0.4.6 | 266.67 | NOTE | |||
r-devel-linux-x86_64-fedora-gcc | 0.4.6 | 240.20 | OK | |||
r-devel-windows-ix86+x86_64 | 0.4.6 | 32.00 | 188.00 | 220.00 | NOTE | |
r-devel-windows-ix86+x86_64-gcc8 | 0.4.6 | 29.00 | 218.00 | 247.00 | NOTE | |
r-patched-linux-x86_64 | 0.4.6 | 11.50 | 189.98 | 201.48 | OK | |
r-patched-solaris-x86 | 0.4.6 | 344.10 | NOTE | |||
r-release-linux-x86_64 | 0.4.6 | 13.43 | 188.78 | 202.21 | OK | |
r-release-windows-ix86+x86_64 | 0.4.6 | 54.00 | 285.00 | 339.00 | NOTE | |
r-release-osx-x86_64 | 0.4.6 | NOTE | ||||
r-oldrel-windows-ix86+x86_64 | 0.4.6 | 31.00 | 265.00 | 296.00 | NOTE | |
r-oldrel-osx-x86_64 | 0.4.6 | NOTE |
Version: 0.4.6
Check: installed package size
Result: NOTE
installed size is 5.6Mb
sub-directories of 1Mb or more:
doc 5.1Mb
Flavors: r-devel-linux-x86_64-fedora-clang, r-devel-windows-ix86+x86_64, r-devel-windows-ix86+x86_64-gcc8, r-patched-solaris-x86, r-release-windows-ix86+x86_64, r-release-osx-x86_64, r-oldrel-windows-ix86+x86_64, r-oldrel-osx-x86_64