CRAN Package Check Results for Package swissparl

Last updated on 2020-03-27 00:49:38 CET.

Flavor Version Tinstall Tcheck Ttotal Status Flags
r-devel-linux-x86_64-debian-clang 0.2.0 5.85 44.03 49.88 OK
r-devel-linux-x86_64-debian-gcc 0.2.0 5.19 33.93 39.12 OK
r-devel-linux-x86_64-fedora-clang 0.2.0 63.23 NOTE
r-devel-linux-x86_64-fedora-gcc 0.2.0 56.93 NOTE
r-devel-windows-ix86+x86_64 0.2.0 20.00 53.00 73.00 OK
r-devel-windows-ix86+x86_64-gcc8 0.2.0 15.00 59.00 74.00 OK
r-patched-linux-x86_64 0.2.0 4.58 38.53 43.11 OK
r-patched-solaris-x86 0.2.0 98.10 NOTE
r-release-linux-x86_64 0.2.0 4.01 38.76 42.77 OK
r-release-windows-ix86+x86_64 0.2.0 26.00 87.00 113.00 OK
r-release-osx-x86_64 0.2.0 NOTE
r-oldrel-windows-ix86+x86_64 0.2.0 13.00 83.00 96.00 OK
r-oldrel-osx-x86_64 0.2.0 NOTE

Additional issues

donttest

Check Details

Version: 0.2.0
Check: dependencies in R code
Result: NOTE
    Namespace in Imports field not imported from: ‘lubridate’
     All declared Imports should be used.
Flavors: r-devel-linux-x86_64-fedora-clang, r-devel-linux-x86_64-fedora-gcc, r-patched-solaris-x86, r-release-osx-x86_64, r-oldrel-osx-x86_64