Last updated on 2020-03-27 00:49:39 CET.
Flavor | Version | Tinstall | Tcheck | Ttotal | Status | Flags |
---|---|---|---|---|---|---|
r-devel-linux-x86_64-debian-clang | 0.5-2 | 440.27 | 193.43 | 633.70 | OK | |
r-devel-linux-x86_64-debian-gcc | 0.5-2 | 4.91 | 2.79 | 7.70 | ERROR | |
r-devel-linux-x86_64-fedora-clang | 0.5-2 | 896.39 | NOTE | |||
r-devel-linux-x86_64-fedora-gcc | 0.5-2 | 859.47 | OK | |||
r-patched-linux-x86_64 | 0.5-2 | 390.93 | 161.59 | 552.52 | OK | |
r-patched-solaris-x86 | 0.5-2 | 71.50 | ERROR | |||
r-release-linux-x86_64 | 0.5-2 | 6.08 | 3.12 | 9.20 | ERROR | |
r-release-windows-ix86+x86_64 | 0.5-2 | 1030.00 | 673.00 | 1703.00 | NOTE | |
r-release-osx-x86_64 | 0.5-2 | NOTE | ||||
r-oldrel-windows-ix86+x86_64 | 0.5-2 | 746.00 | 648.00 | 1394.00 | NOTE | |
r-oldrel-osx-x86_64 | 0.5-2 | NOTE |
Version: 0.5-2
Check: whether package can be installed
Result: ERROR
Installation failed.
Flavors: r-devel-linux-x86_64-debian-gcc, r-patched-solaris-x86, r-release-linux-x86_64
Version: 0.5-2
Check: installed package size
Result: NOTE
installed size is 32.0Mb
sub-directories of 1Mb or more:
R 1.9Mb
libs 29.4Mb
Flavors: r-devel-linux-x86_64-fedora-clang, r-release-windows-ix86+x86_64, r-release-osx-x86_64, r-oldrel-windows-ix86+x86_64, r-oldrel-osx-x86_64