Last updated on 2020-03-27 00:49:39 CET.
Flavor | Version | Tinstall | Tcheck | Ttotal | Status | Flags |
---|---|---|---|---|---|---|
r-devel-linux-x86_64-debian-clang | 4.1 | 23.73 | 112.26 | 135.99 | OK | |
r-devel-linux-x86_64-debian-gcc | 4.1 | 14.99 | 148.04 | 163.03 | OK | |
r-devel-linux-x86_64-fedora-clang | 4.1 | 129.04 | NOTE | |||
r-devel-linux-x86_64-fedora-gcc | 4.1 | 140.35 | NOTE | |||
r-devel-windows-ix86+x86_64 | 4.1 | 78.00 | 145.00 | 223.00 | NOTE | |
r-devel-windows-ix86+x86_64-gcc8 | 4.1 | 84.00 | 136.00 | 220.00 | NOTE | |
r-patched-linux-x86_64 | 4.1 | 19.78 | 80.74 | 100.52 | OK | |
r-release-linux-x86_64 | 4.1 | 18.46 | 91.49 | 109.95 | OK | |
r-release-windows-ix86+x86_64 | 4.1 | 108.00 | 200.00 | 308.00 | NOTE | |
r-release-osx-x86_64 | 4.1 | NOTE | ||||
r-oldrel-windows-ix86+x86_64 | 4.1 | 102.00 | 205.00 | 307.00 | NOTE | |
r-oldrel-osx-x86_64 | 4.1 | NOTE |
Version: 4.1
Check: top-level files
Result: NOTE
possible bashism in configure line 34 ($(OS|MACH)TYPE):
case "$OSTYPE" in "darwin"*)
possible bashism in configure line 42 (should be '.', not 'source'):
source autobrew
Flavors: r-devel-linux-x86_64-fedora-clang, r-devel-linux-x86_64-fedora-gcc
Version: 4.1
Check: installed package size
Result: NOTE
installed size is 28.4Mb
sub-directories of 1Mb or more:
doc 1.0Mb
libs 13.3Mb
tessdata 14.0Mb
Flavors: r-devel-windows-ix86+x86_64, r-devel-windows-ix86+x86_64-gcc8, r-release-windows-ix86+x86_64, r-release-osx-x86_64, r-oldrel-windows-ix86+x86_64, r-oldrel-osx-x86_64