CRAN Package Check Results for Package texreg

Last updated on 2020-03-27 00:49:39 CET.

Flavor Version Tinstall Tcheck Ttotal Status Flags
r-devel-linux-x86_64-debian-clang 1.36.23 12.48 88.81 101.29 NOTE
r-devel-linux-x86_64-debian-gcc 1.36.23 9.68 68.59 78.27 NOTE
r-devel-linux-x86_64-fedora-clang 1.36.23 128.20 NOTE
r-devel-linux-x86_64-fedora-gcc 1.36.23 124.80 NOTE
r-devel-windows-ix86+x86_64 1.36.23 16.00 97.00 113.00 OK
r-devel-windows-ix86+x86_64-gcc8 1.36.23 18.00 100.00 118.00 OK
r-patched-linux-x86_64 1.36.23 9.11 81.27 90.38 NOTE
r-patched-solaris-x86 1.36.23 159.80 NOTE
r-release-linux-x86_64 1.36.23 9.60 80.88 90.48 NOTE
r-release-windows-ix86+x86_64 1.36.23 35.00 136.00 171.00 OK
r-release-osx-x86_64 1.36.23 NOTE
r-oldrel-windows-ix86+x86_64 1.36.23 17.00 123.00 140.00 OK
r-oldrel-osx-x86_64 1.36.23 OK

Check Details

Version: 1.36.23
Check: package dependencies
Result: NOTE
    Packages suggested but not available for checking: 'btergm', 'Zelig'
    
    Package which this enhances but not available for checking: 'xergm'
Flavors: r-devel-linux-x86_64-debian-clang, r-devel-linux-x86_64-debian-gcc, r-devel-linux-x86_64-fedora-clang, r-devel-linux-x86_64-fedora-gcc, r-patched-linux-x86_64, r-patched-solaris-x86, r-release-linux-x86_64

Version: 1.36.23
Check: package dependencies
Result: NOTE
    Package which this enhances but not available for checking: ‘mnlogit’
Flavor: r-release-osx-x86_64