Last updated on 2020-03-27 00:49:39 CET.
Flavor | Version | Tinstall | Tcheck | Ttotal | Status | Flags |
---|---|---|---|---|---|---|
r-devel-linux-x86_64-debian-clang | 0.7.0 | 9.95 | 230.63 | 240.58 | OK | |
r-devel-linux-x86_64-debian-gcc | 0.7.0 | 8.86 | 204.60 | 213.46 | OK | |
r-devel-linux-x86_64-fedora-clang | 0.7.0 | 313.52 | NOTE | |||
r-devel-linux-x86_64-fedora-gcc | 0.7.0 | 346.54 | NOTE | |||
r-devel-windows-ix86+x86_64 | 0.7.0 | 20.00 | 211.00 | 231.00 | NOTE | |
r-devel-windows-ix86+x86_64-gcc8 | 0.6.1 | 23.00 | 244.00 | 267.00 | NOTE | |
r-patched-linux-x86_64 | 0.7.0 | 8.47 | 222.56 | 231.03 | OK | |
r-patched-solaris-x86 | 0.7.0 | 462.70 | NOTE | |||
r-release-linux-x86_64 | 0.7.0 | 7.84 | 219.71 | 227.55 | OK | |
r-release-windows-ix86+x86_64 | 0.7.0 | 33.00 | 310.00 | 343.00 | NOTE | |
r-release-osx-x86_64 | 0.7.0 | NOTE | ||||
r-oldrel-windows-ix86+x86_64 | 0.7.0 | 25.00 | 295.00 | 320.00 | NOTE | |
r-oldrel-osx-x86_64 | 0.7.0 | NOTE |
Version: 0.7.0
Check: installed package size
Result: NOTE
installed size is 6.3Mb
sub-directories of 1Mb or more:
doc 1.3Mb
extdata 4.4Mb
Flavors: r-devel-linux-x86_64-fedora-clang, r-devel-windows-ix86+x86_64, r-patched-solaris-x86, r-release-windows-ix86+x86_64, r-release-osx-x86_64, r-oldrel-windows-ix86+x86_64, r-oldrel-osx-x86_64
Version: 0.7.0
Check: data for non-ASCII characters
Result: NOTE
Note: found 62 marked UTF-8 strings
Flavors: r-devel-linux-x86_64-fedora-clang, r-devel-linux-x86_64-fedora-gcc, r-patched-solaris-x86, r-release-osx-x86_64, r-oldrel-osx-x86_64
Version: 0.6.1
Check: installed package size
Result: NOTE
installed size is 6.2Mb
sub-directories of 1Mb or more:
doc 1.3Mb
extdata 4.4Mb
Flavor: r-devel-windows-ix86+x86_64-gcc8