CRAN Package Check Results for Package tidyverse

Last updated on 2020-03-27 00:49:39 CET.

Flavor Version Tinstall Tcheck Ttotal Status Flags
r-devel-linux-x86_64-debian-clang 1.3.0 8.74 78.66 87.40 OK
r-devel-linux-x86_64-debian-gcc 1.3.0 6.89 59.60 66.49 OK
r-devel-linux-x86_64-fedora-clang 1.3.0 107.13 NOTE
r-devel-linux-x86_64-fedora-gcc 1.3.0 100.71 OK
r-devel-windows-ix86+x86_64 1.3.0 18.00 86.00 104.00 OK
r-devel-windows-ix86+x86_64-gcc8 1.3.0 21.00 95.00 116.00 OK
r-patched-linux-x86_64 1.3.0 8.26 66.02 74.28 OK
r-patched-solaris-x86 1.3.0 156.80 OK
r-release-linux-x86_64 1.3.0 7.10 66.19 73.29 OK
r-release-windows-ix86+x86_64 1.3.0 30.00 131.00 161.00 OK
r-release-osx-x86_64 1.3.0 OK
r-oldrel-windows-ix86+x86_64 1.3.0 19.00 127.00 146.00 OK
r-oldrel-osx-x86_64 1.3.0 OK

Check Details

Version: 1.3.0
Check: package dependencies
Result: NOTE
    Imports includes 26 non-default packages.
    Importing from so many packages makes the package vulnerable to any of
    them becoming unavailable. Move as many as possible to Suggests and
    use conditionally.
Flavor: r-devel-linux-x86_64-fedora-clang