CRAN Package Check Results for Package tiler

Last updated on 2020-03-27 00:49:39 CET.

Flavor Version Tinstall Tcheck Ttotal Status Flags
r-devel-linux-x86_64-debian-clang 0.2.4 2.36 31.25 33.61 OK
r-devel-linux-x86_64-debian-gcc 0.2.4 1.92 24.73 26.65 OK
r-devel-linux-x86_64-fedora-clang 0.2.4 42.21 NOTE
r-devel-linux-x86_64-fedora-gcc 0.2.4 39.11 NOTE
r-devel-windows-ix86+x86_64 0.2.4 7.00 42.00 49.00 OK
r-devel-windows-ix86+x86_64-gcc8 0.2.4 7.00 45.00 52.00 OK
r-patched-linux-x86_64 0.2.4 1.99 28.03 30.02 OK
r-patched-solaris-x86 0.2.4 62.50 NOTE
r-release-linux-x86_64 0.2.4 1.86 28.09 29.95 OK
r-release-windows-ix86+x86_64 0.2.4 7.00 59.00 66.00 OK
r-release-osx-x86_64 0.2.4 NOTE
r-oldrel-windows-ix86+x86_64 0.2.4 5.00 58.00 63.00 OK
r-oldrel-osx-x86_64 0.2.4 NOTE

Check Details

Version: 0.2.4
Check: dependencies in R code
Result: NOTE
    Namespace in Imports field not imported from: ‘rgdal’
     All declared Imports should be used.
Flavors: r-devel-linux-x86_64-fedora-clang, r-devel-linux-x86_64-fedora-gcc, r-patched-solaris-x86, r-release-osx-x86_64, r-oldrel-osx-x86_64