Last updated on 2020-03-27 00:49:39 CET.
Flavor | Version | Tinstall | Tcheck | Ttotal | Status | Flags |
---|---|---|---|---|---|---|
r-devel-linux-x86_64-debian-clang | 0.2-9 | 14.48 | 121.27 | 135.75 | NOTE | |
r-devel-linux-x86_64-debian-gcc | 0.2-9 | 9.74 | 92.00 | 101.74 | NOTE | |
r-devel-linux-x86_64-fedora-clang | 0.2-9 | 169.74 | NOTE | |||
r-devel-linux-x86_64-fedora-gcc | 0.2-9 | 156.41 | NOTE | |||
r-devel-windows-ix86+x86_64 | 0.2-9 | 34.00 | 187.00 | 221.00 | NOTE | |
r-devel-windows-ix86+x86_64-gcc8 | 0.2-9 | 38.00 | 205.00 | 243.00 | NOTE | |
r-patched-linux-x86_64 | 0.2-9 | 11.30 | 114.55 | 125.85 | NOTE | |
r-patched-solaris-x86 | 0.2-9 | 331.70 | NOTE | |||
r-release-linux-x86_64 | 0.2-9 | 10.77 | 116.47 | 127.24 | NOTE | |
r-release-windows-ix86+x86_64 | 0.2-9 | 51.00 | 231.00 | 282.00 | NOTE | |
r-release-osx-x86_64 | 0.2-9 | NOTE | ||||
r-oldrel-windows-ix86+x86_64 | 0.2-9 | 55.00 | 236.00 | 291.00 | NOTE | |
r-oldrel-osx-x86_64 | 0.2-9 | NOTE |
Version: 0.2-9
Check: package dependencies
Result: NOTE
Package suggested but not available for checking: 'corpus.JSS.papers'
Flavors: r-devel-linux-x86_64-debian-clang, r-devel-linux-x86_64-debian-gcc, r-devel-linux-x86_64-fedora-clang, r-devel-linux-x86_64-fedora-gcc, r-devel-windows-ix86+x86_64, r-devel-windows-ix86+x86_64-gcc8, r-patched-linux-x86_64, r-patched-solaris-x86, r-release-linux-x86_64, r-release-windows-ix86+x86_64, r-release-osx-x86_64, r-oldrel-windows-ix86+x86_64, r-oldrel-osx-x86_64