Last updated on 2020-03-27 00:49:39 CET.
Flavor | Version | Tinstall | Tcheck | Ttotal | Status | Flags |
---|---|---|---|---|---|---|
r-devel-linux-x86_64-debian-clang | 0.6.3 | 17.36 | 58.77 | 76.13 | OK | |
r-devel-linux-x86_64-debian-gcc | 0.6.3 | 15.21 | 45.59 | 60.80 | OK | |
r-devel-linux-x86_64-fedora-clang | 0.6.3 | 97.42 | NOTE | |||
r-devel-linux-x86_64-fedora-gcc | 0.6.3 | 90.81 | NOTE | |||
r-devel-windows-ix86+x86_64 | 0.6.3 | 29.00 | 62.00 | 91.00 | NOTE | |
r-devel-windows-ix86+x86_64-gcc8 | 0.6.3 | 25.00 | 70.00 | 95.00 | NOTE | |
r-patched-linux-x86_64 | 0.6.3 | 16.01 | 53.35 | 69.36 | OK | |
r-patched-solaris-x86 | 0.6.3 | 143.90 | NOTE | |||
r-release-linux-x86_64 | 0.6.3 | 15.98 | 54.01 | 69.99 | OK | |
r-release-windows-ix86+x86_64 | 0.6.3 | 32.00 | 92.00 | 124.00 | NOTE | |
r-release-osx-x86_64 | 0.6.3 | NOTE | ||||
r-oldrel-windows-ix86+x86_64 | 0.6.3 | 29.00 | 92.00 | 121.00 | NOTE | |
r-oldrel-osx-x86_64 | 0.6.3 | NOTE |
Version: 0.6.3
Check: installed package size
Result: NOTE
installed size is 5.1Mb
sub-directories of 1Mb or more:
data 4.7Mb
Flavors: r-devel-linux-x86_64-fedora-clang, r-devel-windows-ix86+x86_64, r-devel-windows-ix86+x86_64-gcc8, r-patched-solaris-x86, r-release-windows-ix86+x86_64, r-release-osx-x86_64, r-oldrel-windows-ix86+x86_64, r-oldrel-osx-x86_64
Version: 0.6.3
Check: data for non-ASCII characters
Result: NOTE
Note: found 64 marked Latin-1 strings
Note: found 548 marked UTF-8 strings
Flavors: r-devel-linux-x86_64-fedora-clang, r-devel-linux-x86_64-fedora-gcc, r-patched-solaris-x86, r-release-osx-x86_64, r-oldrel-osx-x86_64