Last updated on 2020-03-27 00:49:39 CET.
Flavor | Version | Tinstall | Tcheck | Ttotal | Status | Flags |
---|---|---|---|---|---|---|
r-devel-linux-x86_64-debian-clang | 1.0 | 15.59 | 105.56 | 121.15 | OK | |
r-devel-linux-x86_64-debian-gcc | 1.0 | 12.69 | 80.81 | 93.50 | OK | |
r-devel-linux-x86_64-fedora-clang | 1.0 | 150.60 | NOTE | |||
r-devel-linux-x86_64-fedora-gcc | 1.0 | 140.81 | NOTE | |||
r-devel-windows-ix86+x86_64 | 1.0 | 26.00 | 110.00 | 136.00 | OK | |
r-devel-windows-ix86+x86_64-gcc8 | 1.0 | 37.00 | 113.00 | 150.00 | OK | |
r-patched-linux-x86_64 | 1.0 | 11.55 | 91.12 | 102.67 | OK | |
r-patched-solaris-x86 | 1.0 | 225.50 | NOTE | |||
r-release-linux-x86_64 | 1.0 | 10.23 | 91.30 | 101.53 | OK | |
r-release-windows-ix86+x86_64 | 1.0 | 57.00 | 162.00 | 219.00 | OK | |
r-release-osx-x86_64 | 1.0 | NOTE | ||||
r-oldrel-windows-ix86+x86_64 | 1.0 | 42.00 | 168.00 | 210.00 | OK | |
r-oldrel-osx-x86_64 | 1.0 | NOTE |
Version: 1.0
Check: dependencies in R code
Result: NOTE
Namespaces in Imports field not imported from:
‘V8’ ‘colorspace’
All declared Imports should be used.
Flavors: r-devel-linux-x86_64-fedora-clang, r-devel-linux-x86_64-fedora-gcc, r-patched-solaris-x86, r-release-osx-x86_64, r-oldrel-osx-x86_64