CRAN Package Check Results for Package tree

Last updated on 2020-03-27 00:49:39 CET.

Flavor Version Tinstall Tcheck Ttotal Status Flags
r-devel-linux-x86_64-debian-clang 1.0-40 7.16 28.72 35.88 OK
r-devel-linux-x86_64-debian-gcc 1.0-40 4.22 21.71 25.93 OK
r-devel-linux-x86_64-fedora-clang 1.0-40 43.94 OK
r-devel-linux-x86_64-fedora-gcc 1.0-40 39.64 OK
r-devel-windows-ix86+x86_64 1.0-40 12.00 47.00 59.00 OK
r-devel-windows-ix86+x86_64-gcc8 1.0-40 14.00 51.00 65.00 OK
r-patched-linux-x86_64 1.0-40 4.85 25.67 30.52 OK
r-patched-solaris-x86 1.0-40 61.00 OK
r-release-linux-x86_64 1.0-40 4.53 25.35 29.88 OK
r-release-windows-ix86+x86_64 1.0-40 26.00 51.00 77.00 OK
r-release-osx-x86_64 1.0-40 OK
r-oldrel-windows-ix86+x86_64 1.0-39 18.00 46.00 64.00 OK
r-oldrel-osx-x86_64 1.0-40 ERROR

Check Details

Version: 1.0-40
Check: whether package can be installed
Result: ERROR
    Installation failed.
Flavor: r-oldrel-osx-x86_64