CRAN Package Check Results for Package ttutils

Last updated on 2020-03-27 00:49:39 CET.

Flavor Version Tinstall Tcheck Ttotal Status Flags
r-devel-linux-x86_64-debian-clang 1.0-1 1.89 17.97 19.86 NOTE
r-devel-linux-x86_64-debian-gcc 1.0-1 1.58 14.60 16.18 NOTE
r-devel-linux-x86_64-fedora-clang 1.0-1 25.40 NOTE
r-devel-linux-x86_64-fedora-gcc 1.0-1 23.65 NOTE
r-devel-windows-ix86+x86_64 1.0-1 5.00 41.00 46.00 NOTE
r-devel-windows-ix86+x86_64-gcc8 1.0-1 5.00 26.00 31.00 NOTE
r-patched-linux-x86_64 1.0-1 1.39 17.69 19.08 NOTE
r-patched-solaris-x86 1.0-1 38.50 NOTE
r-release-linux-x86_64 1.0-1 1.54 16.56 18.10 NOTE
r-release-windows-ix86+x86_64 1.0-1 5.00 44.00 49.00 NOTE
r-release-osx-x86_64 1.0-1 NOTE
r-oldrel-windows-ix86+x86_64 1.0-1 2.00 26.00 28.00 NOTE
r-oldrel-osx-x86_64 1.0-1 NOTE

Check Details

Version: 1.0-1
Check: R code for possible problems
Result: NOTE
    .saveDevice: no visible global function definition for 'dev.off'
    Undefined global functions or variables:
     dev.off
    Consider adding
     importFrom("grDevices", "dev.off")
    to your NAMESPACE file.
Flavors: r-devel-linux-x86_64-debian-clang, r-devel-linux-x86_64-debian-gcc, r-devel-linux-x86_64-fedora-clang, r-devel-linux-x86_64-fedora-gcc, r-devel-windows-ix86+x86_64, r-devel-windows-ix86+x86_64-gcc8, r-patched-linux-x86_64, r-patched-solaris-x86, r-release-linux-x86_64, r-release-windows-ix86+x86_64, r-release-osx-x86_64, r-oldrel-windows-ix86+x86_64, r-oldrel-osx-x86_64