CRAN Package Check Results for Package viridis

Last updated on 2020-03-27 00:49:40 CET.

Flavor Version Tinstall Tcheck Ttotal Status Flags
r-devel-linux-x86_64-debian-clang 0.5.1 3.69 57.65 61.34 OK
r-devel-linux-x86_64-debian-gcc 0.5.1 2.70 44.30 47.00 OK
r-devel-linux-x86_64-fedora-clang 0.5.1 75.03 NOTE
r-devel-linux-x86_64-fedora-gcc 0.5.1 69.78 NOTE
r-devel-windows-ix86+x86_64 0.5.1 16.00 88.00 104.00 OK --no-vignettes
r-devel-windows-ix86+x86_64-gcc8 0.5.1 12.00 55.00 67.00 OK --no-vignettes
r-patched-linux-x86_64 0.5.1 3.12 50.78 53.90 OK
r-patched-solaris-x86 0.5.1 108.00 NOTE
r-release-linux-x86_64 0.5.1 2.66 51.85 54.51 OK
r-release-windows-ix86+x86_64 0.5.1 14.00 58.00 72.00 OK --no-vignettes
r-release-osx-x86_64 0.5.1 NOTE
r-oldrel-windows-ix86+x86_64 0.5.1 11.00 84.00 95.00 OK --no-vignettes
r-oldrel-osx-x86_64 0.5.1 NOTE

Check Details

Version: 0.5.1
Check: dependencies in R code
Result: NOTE
    Namespace in Imports field not imported from: ‘stats’
     All declared Imports should be used.
Flavors: r-devel-linux-x86_64-fedora-clang, r-devel-linux-x86_64-fedora-gcc, r-patched-solaris-x86, r-release-osx-x86_64, r-oldrel-osx-x86_64