CRAN Package Check Results for Package volleystat

Last updated on 2020-03-27 00:49:40 CET.

Flavor Version Tinstall Tcheck Ttotal Status Flags
r-devel-linux-x86_64-debian-clang 0.2.0 2.62 59.58 62.20 OK
r-devel-linux-x86_64-debian-gcc 0.2.0 2.21 42.59 44.80 OK
r-devel-linux-x86_64-fedora-clang 0.2.0 74.47 NOTE
r-devel-linux-x86_64-fedora-gcc 0.2.0 68.89 NOTE
r-devel-windows-ix86+x86_64 0.2.0 8.00 65.00 73.00 OK
r-devel-windows-ix86+x86_64-gcc8 0.2.0 9.00 73.00 82.00 OK
r-patched-linux-x86_64 0.2.0 2.07 31.68 33.75 OK
r-patched-solaris-x86 0.2.0 101.30 NOTE
r-release-linux-x86_64 0.2.0 2.12 32.26 34.38 OK
r-release-windows-ix86+x86_64 0.2.0 14.00 68.00 82.00 OK
r-release-osx-x86_64 0.2.0 NOTE
r-oldrel-windows-ix86+x86_64 0.2.0 6.00 57.00 63.00 OK
r-oldrel-osx-x86_64 0.2.0 NOTE

Check Details

Version: 0.2.0
Check: data for non-ASCII characters
Result: NOTE
     Note: found 4954 marked UTF-8 strings
Flavors: r-devel-linux-x86_64-fedora-clang, r-devel-linux-x86_64-fedora-gcc, r-patched-solaris-x86, r-release-osx-x86_64, r-oldrel-osx-x86_64