CRAN Package Check Results for Package waterquality

Last updated on 2020-03-27 00:49:40 CET.

Flavor Version Tinstall Tcheck Ttotal Status Flags
r-devel-linux-x86_64-debian-clang 0.2.2 10.88 138.49 149.37 OK
r-devel-linux-x86_64-debian-gcc 0.2.2 9.69 112.34 122.03 OK
r-devel-linux-x86_64-fedora-clang 0.2.2 183.09 NOTE
r-devel-linux-x86_64-fedora-gcc 0.2.2 173.07 NOTE
r-devel-windows-ix86+x86_64 0.2.2 21.00 135.00 156.00 OK
r-devel-windows-ix86+x86_64-gcc8 0.2.2 21.00 147.00 168.00 OK
r-patched-linux-x86_64 0.2.2 9.14 125.23 134.37 OK
r-patched-solaris-x86 0.2.2 270.30 NOTE
r-release-linux-x86_64 0.2.2 8.99 126.15 135.14 OK
r-release-windows-ix86+x86_64 0.2.2 25.00 179.00 204.00 OK
r-release-osx-x86_64 0.2.2 NOTE
r-oldrel-windows-ix86+x86_64 0.2.2 15.00 178.00 193.00 OK
r-oldrel-osx-x86_64 0.2.2 NOTE

Check Details

Version: 0.2.2
Check: dependencies in R code
Result: NOTE
    Namespace in Imports field not imported from: ‘rgdal’
     All declared Imports should be used.
Flavors: r-devel-linux-x86_64-fedora-clang, r-devel-linux-x86_64-fedora-gcc, r-patched-solaris-x86, r-release-osx-x86_64, r-oldrel-osx-x86_64