Last updated on 2020-03-27 00:49:40 CET.
Flavor | Version | Tinstall | Tcheck | Ttotal | Status | Flags |
---|---|---|---|---|---|---|
r-devel-linux-x86_64-debian-clang | 0.3.3 | 7.16 | 157.59 | 164.75 | OK | |
r-devel-linux-x86_64-debian-gcc | 0.3.3 | 6.71 | 116.73 | 123.44 | OK | |
r-devel-linux-x86_64-fedora-clang | 0.3.3 | 193.49 | NOTE | |||
r-devel-linux-x86_64-fedora-gcc | 0.3.3 | 188.00 | NOTE | |||
r-devel-windows-ix86+x86_64 | 0.3.3 | 19.00 | 202.00 | 221.00 | OK | |
r-devel-windows-ix86+x86_64-gcc8 | 0.3.3 | 19.00 | 227.00 | 246.00 | OK | |
r-patched-linux-x86_64 | 0.3.3 | 5.93 | 137.20 | 143.13 | OK | |
r-patched-solaris-x86 | 0.3.3 | 237.10 | NOTE | |||
r-release-linux-x86_64 | 0.3.3 | 6.66 | 137.09 | 143.75 | OK | |
r-release-windows-ix86+x86_64 | 0.3.3 | 24.00 | 263.00 | 287.00 | OK | |
r-release-osx-x86_64 | 0.3.3 | NOTE | ||||
r-oldrel-windows-ix86+x86_64 | 0.3.3 | 19.00 | 236.00 | 255.00 | OK | |
r-oldrel-osx-x86_64 | 0.3.3 | NOTE |
Version: 0.3.3
Check: data for non-ASCII characters
Result: NOTE
Note: found 72 marked UTF-8 strings
Flavors: r-devel-linux-x86_64-fedora-clang, r-devel-linux-x86_64-fedora-gcc, r-patched-solaris-x86, r-release-osx-x86_64, r-oldrel-osx-x86_64