Last updated on 2020-03-27 00:49:40 CET.
Flavor | Version | Tinstall | Tcheck | Ttotal | Status | Flags |
---|---|---|---|---|---|---|
r-devel-linux-x86_64-debian-clang | 1.2 | 2.90 | 23.50 | 26.40 | NOTE | |
r-devel-linux-x86_64-debian-gcc | 1.2 | 2.07 | 18.63 | 20.70 | NOTE | |
r-devel-linux-x86_64-fedora-clang | 1.2 | 30.99 | OK | |||
r-devel-linux-x86_64-fedora-gcc | 1.2 | 31.15 | OK | |||
r-devel-windows-ix86+x86_64 | 1.2 | 11.00 | 40.00 | 51.00 | NOTE | |
r-devel-windows-ix86+x86_64-gcc8 | 1.2 | 11.00 | 45.00 | 56.00 | NOTE | |
r-patched-linux-x86_64 | 1.2 | 2.24 | 21.28 | 23.52 | OK | |
r-patched-solaris-x86 | 1.2 | 49.90 | OK | |||
r-release-linux-x86_64 | 1.2 | 2.27 | 21.53 | 23.80 | OK | |
r-release-windows-ix86+x86_64 | 1.2 | 21.00 | 58.00 | 79.00 | OK | |
r-release-osx-x86_64 | 1.2 | OK | ||||
r-oldrel-windows-ix86+x86_64 | 1.2 | 11.00 | 63.00 | 74.00 | OK | |
r-oldrel-osx-x86_64 | 1.2 | OK |
Version: 1.2
Check: package vignettes
Result: NOTE
Package vignette with placeholder title 'Vignette Title':
'weco-vignette.Rmd'
Flavors: r-devel-linux-x86_64-debian-clang, r-devel-linux-x86_64-debian-gcc, r-devel-windows-ix86+x86_64, r-devel-windows-ix86+x86_64-gcc8