CRAN Package Check Results for Package weibulltools

Last updated on 2020-03-27 00:49:40 CET.

Flavor Version Tinstall Tcheck Ttotal Status Flags
r-devel-linux-x86_64-debian-clang 1.0.1 46.88 94.26 141.14 OK
r-devel-linux-x86_64-debian-gcc 1.0.1 29.43 69.69 99.12 OK
r-devel-linux-x86_64-fedora-clang 1.0.1 174.87 NOTE
r-devel-linux-x86_64-fedora-gcc 1.0.1 157.62 OK
r-devel-windows-ix86+x86_64 1.0.1 72.00 152.00 224.00 NOTE
r-devel-windows-ix86+x86_64-gcc8 1.0.1 92.00 160.00 252.00 NOTE
r-patched-linux-x86_64 1.0.1 35.52 82.72 118.24 OK
r-patched-solaris-x86 1.0.1 187.40 NOTE
r-release-linux-x86_64 1.0.1 33.95 82.35 116.30 OK
r-release-windows-ix86+x86_64 1.0.1 26.00 8.00 34.00 ERROR
r-release-osx-x86_64 1.0.1 NOTE
r-oldrel-windows-ix86+x86_64 1.0.1 106.00 176.00 282.00 NOTE
r-oldrel-osx-x86_64 1.0.1 NOTE

Check Details

Version: 1.0.1
Check: installed package size
Result: NOTE
     installed size is 13.7Mb
     sub-directories of 1Mb or more:
     doc 11.9Mb
     libs 1.5Mb
Flavors: r-devel-linux-x86_64-fedora-clang, r-devel-windows-ix86+x86_64, r-devel-windows-ix86+x86_64-gcc8, r-patched-solaris-x86, r-release-osx-x86_64, r-oldrel-windows-ix86+x86_64, r-oldrel-osx-x86_64

Version: 1.0.1
Check: whether package can be installed
Result: ERROR
    Installation failed.
Flavor: r-release-windows-ix86+x86_64