CRAN Package Check Results for Package whereport

Last updated on 2020-03-27 00:49:40 CET.

Flavor Version Tinstall Tcheck Ttotal Status Flags
r-devel-linux-x86_64-debian-clang 0.1 2.02 22.51 24.53 OK
r-devel-linux-x86_64-debian-gcc 0.1 1.63 17.71 19.34 OK
r-devel-linux-x86_64-fedora-clang 0.1 31.39 NOTE
r-devel-linux-x86_64-fedora-gcc 0.1 28.72 NOTE
r-devel-windows-ix86+x86_64 0.1 9.00 33.00 42.00 OK
r-devel-windows-ix86+x86_64-gcc8 0.1 7.00 35.00 42.00 OK
r-patched-linux-x86_64 0.1 1.53 20.30 21.83 NOTE
r-patched-solaris-x86 0.1 46.10 NOTE
r-release-linux-x86_64 0.1 1.63 20.23 21.86 NOTE
r-release-windows-ix86+x86_64 0.1 10.00 46.00 56.00 OK
r-release-osx-x86_64 0.1 NOTE
r-oldrel-windows-ix86+x86_64 0.1 6.00 52.00 58.00 OK
r-oldrel-osx-x86_64 0.1 NOTE

Check Details

Version: 0.1
Check: data for non-ASCII characters
Result: NOTE
     Note: found 4102 marked UTF-8 strings
Flavors: r-devel-linux-x86_64-fedora-clang, r-devel-linux-x86_64-fedora-gcc, r-patched-solaris-x86, r-release-osx-x86_64, r-oldrel-osx-x86_64

Version: 0.1
Check: DESCRIPTION meta-information
Result: NOTE
    Dependence on R version ‘3.4.2’ not with patchlevel 0
Flavors: r-patched-linux-x86_64, r-release-linux-x86_64