Last updated on 2020-03-27 00:49:40 CET.
Flavor | Version | Tinstall | Tcheck | Ttotal | Status | Flags |
---|---|---|---|---|---|---|
r-devel-linux-x86_64-debian-clang | 1.0.4 | 256.42 | 238.28 | 494.70 | OK | |
r-devel-linux-x86_64-debian-gcc | 1.0.4 | 167.12 | 187.52 | 354.64 | OK | |
r-devel-linux-x86_64-fedora-clang | 1.0.4 | 676.45 | NOTE | |||
r-devel-linux-x86_64-fedora-gcc | 1.0.4 | 620.47 | OK | |||
r-devel-windows-ix86+x86_64 | 1.0.4 | 411.00 | 333.00 | 744.00 | OK | |
r-devel-windows-ix86+x86_64-gcc8 | 1.0.4 | 502.00 | 341.00 | 843.00 | OK | |
r-patched-linux-x86_64 | 1.0.4 | 199.93 | 226.13 | 426.06 | OK | |
r-patched-solaris-x86 | 1.0.4 | 825.50 | OK | |||
r-release-linux-x86_64 | 1.0.4 | 189.66 | 231.24 | 420.90 | OK | |
r-release-windows-ix86+x86_64 | 1.0.4 | 578.00 | 409.00 | 987.00 | OK | |
r-release-osx-x86_64 | 1.0.4 | NOTE | ||||
r-oldrel-windows-ix86+x86_64 | 1.0.4 | 516.00 | 452.00 | 968.00 | OK | |
r-oldrel-osx-x86_64 | 1.0.4 | NOTE |
Version: 1.0.4
Check: installed package size
Result: NOTE
installed size is 10.6Mb
sub-directories of 1Mb or more:
libs 9.8Mb
Flavors: r-devel-linux-x86_64-fedora-clang, r-release-osx-x86_64, r-oldrel-osx-x86_64