Last updated on 2020-03-27 00:49:40 CET.
Flavor | Version | Tinstall | Tcheck | Ttotal | Status | Flags |
---|---|---|---|---|---|---|
r-devel-linux-x86_64-debian-clang | 1.1.15 | 8.51 | 226.35 | 234.86 | OK | |
r-devel-linux-x86_64-debian-gcc | 1.1.15 | 7.30 | 202.91 | 210.21 | OK | |
r-devel-linux-x86_64-fedora-clang | 1.1.15 | 218.79 | NOTE | |||
r-devel-linux-x86_64-fedora-gcc | 1.1.15 | 180.53 | NOTE | |||
r-devel-windows-ix86+x86_64 | 1.1.15 | 22.00 | 137.00 | 159.00 | OK | |
r-devel-windows-ix86+x86_64-gcc8 | 1.1.15 | 21.00 | 155.00 | 176.00 | OK | |
r-patched-linux-x86_64 | 1.1.15 | 7.48 | 179.29 | 186.77 | OK | |
r-patched-solaris-x86 | 1.1.15 | 248.50 | NOTE | |||
r-release-linux-x86_64 | 1.1.15 | 7.63 | 179.58 | 187.21 | OK | |
r-release-windows-ix86+x86_64 | 1.1.15 | 39.00 | 184.00 | 223.00 | OK | |
r-release-osx-x86_64 | 1.1.15 | NOTE | ||||
r-oldrel-windows-ix86+x86_64 | 1.1.7 | 7.00 | 80.00 | 87.00 | OK | |
r-oldrel-osx-x86_64 | 1.1.15 | ERROR |
Version: 1.1.15
Check: dependencies in R code
Result: NOTE
Namespace in Imports field not imported from: ‘lubridate’
All declared Imports should be used.
Flavors: r-devel-linux-x86_64-fedora-clang, r-devel-linux-x86_64-fedora-gcc, r-patched-solaris-x86, r-release-osx-x86_64
Version: 1.1.15
Check: whether package can be installed
Result: ERROR
Installation failed.
Flavor: r-oldrel-osx-x86_64