Last updated on 2020-03-27 00:49:40 CET.
Flavor | Version | Tinstall | Tcheck | Ttotal | Status | Flags |
---|---|---|---|---|---|---|
r-devel-linux-x86_64-debian-clang | 1.2.5 | 95.77 | 42.38 | 138.15 | OK | |
r-devel-linux-x86_64-debian-gcc | 1.2.5 | 56.04 | 32.84 | 88.88 | OK | |
r-devel-linux-x86_64-fedora-clang | 1.2.5 | 190.72 | OK | |||
r-devel-linux-x86_64-fedora-gcc | 1.2.5 | 163.61 | OK | |||
r-devel-windows-ix86+x86_64 | 1.2.5 | 160.00 | 96.00 | 256.00 | NOTE | |
r-devel-windows-ix86+x86_64-gcc8 | 1.2.2 | 185.00 | 102.00 | 287.00 | NOTE | |
r-patched-linux-x86_64 | 1.2.5 | 66.78 | 38.29 | 105.07 | OK | |
r-patched-solaris-x86 | 1.2.5 | 153.10 | OK | |||
r-release-linux-x86_64 | 1.2.5 | 66.25 | 38.25 | 104.50 | OK | |
r-release-windows-ix86+x86_64 | 1.2.5 | 230.00 | 121.00 | 351.00 | NOTE | |
r-release-osx-x86_64 | 1.2.5 | OK | ||||
r-oldrel-windows-ix86+x86_64 | 1.2.5 | 193.00 | 127.00 | 320.00 | NOTE | |
r-oldrel-osx-x86_64 | 1.2.5 | OK |
Version: 1.2.5
Check: installed package size
Result: NOTE
installed size is 6.6Mb
sub-directories of 1Mb or more:
libs 6.2Mb
Flavors: r-devel-windows-ix86+x86_64, r-release-windows-ix86+x86_64, r-oldrel-windows-ix86+x86_64
Version: 1.2.2
Check: installed package size
Result: NOTE
installed size is 7.1Mb
sub-directories of 1Mb or more:
libs 6.7Mb
Flavor: r-devel-windows-ix86+x86_64-gcc8