CRAN Package Check Results for Package xseq

Last updated on 2020-03-27 00:49:40 CET.

Flavor Version Tinstall Tcheck Ttotal Status Flags
r-devel-linux-x86_64-debian-clang 0.2.1 6.63 174.84 181.47 OK
r-devel-linux-x86_64-debian-gcc 0.2.1 4.32 123.48 127.80 OK
r-devel-linux-x86_64-fedora-clang 0.2.1 224.02 NOTE
r-devel-linux-x86_64-fedora-gcc 0.2.1 205.50 NOTE
r-devel-windows-ix86+x86_64 0.2.1 15.00 193.00 208.00 OK
r-devel-windows-ix86+x86_64-gcc8 0.2.1 14.00 212.00 226.00 OK
r-patched-linux-x86_64 0.2.1 6.45 155.18 161.63 OK
r-patched-solaris-x86 0.2.1 289.70 OK
r-release-linux-x86_64 0.2.1 6.47 155.78 162.25 OK
r-release-windows-ix86+x86_64 0.2.1 20.00 238.00 258.00 OK
r-release-osx-x86_64 0.2.1 OK
r-oldrel-windows-ix86+x86_64 0.2.1 16.00 238.00 254.00 OK
r-oldrel-osx-x86_64 0.2.1 OK

Check Details

Version: 0.2.1
Check: compiled code
Result: NOTE
    File ‘xseq/libs/xseq.so’:
     Found no call to: ‘R_useDynamicSymbols’
    
    It is good practice to register native routines and to disable symbol
    search.
    
    See ‘Writing portable packages’ in the ‘Writing R Extensions’ manual.
Flavors: r-devel-linux-x86_64-fedora-clang, r-devel-linux-x86_64-fedora-gcc