CRAN Package Check Results for Package zip

Last updated on 2020-03-27 00:49:40 CET.

Flavor Version Tinstall Tcheck Ttotal Status Flags
r-devel-linux-x86_64-debian-clang 2.0.4 18.54 22.69 41.23 OK
r-devel-linux-x86_64-debian-gcc 2.0.4 12.00 17.98 29.98 OK
r-devel-linux-x86_64-fedora-clang 2.0.4 54.52 OK
r-devel-linux-x86_64-fedora-gcc 2.0.4 49.41 OK
r-devel-windows-ix86+x86_64 2.0.4 57.00 45.00 102.00 OK
r-devel-windows-ix86+x86_64-gcc8 2.0.4 52.00 53.00 105.00 OK
r-patched-linux-x86_64 2.0.4 13.10 20.66 33.76 OK
r-patched-solaris-x86 2.0.4 68.10 OK
r-release-linux-x86_64 2.0.4 13.39 20.90 34.29 OK
r-release-windows-ix86+x86_64 2.0.4 70.00 67.00 137.00 OK
r-release-osx-x86_64 2.0.4 OK
r-oldrel-windows-ix86+x86_64 2.0.4 60.00 67.00 127.00 ERROR
r-oldrel-osx-x86_64 2.0.4 OK

Check Details

Version: 2.0.4
Check: running examples for arch ‘x64’
Result: ERROR
    Running examples in 'zip-Ex.R' failed
    The error most likely occurred in:
    
    > ### Name: zip_process
    > ### Title: Class for an external zip process
    > ### Aliases: zip_process
    >
    > ### ** Examples
    >
    > dir.create(tmp <- tempfile())
    > write.table(iris, file = file.path(tmp, "iris.ssv"))
    > zipfile <- tempfile(fileext = ".zip")
    > zp <- zip_process()$new(zipfile, tmp)
    > zp$wait()
    > zp$get_exit_status()
    [1] 10
    > zip_list(zipfile)
    Warning in normalizePath(path.expand(path), winslash, mustWork) :
     path[1]="D:\temp\RtmpOMAO1K\file1c694790662a6.zip": Das System kann die angegebene Datei nicht finden
    Error in zip_list(zipfile) :
     Cannot open zip file `D:\temp\RtmpOMAO1K\file1c694790662a6.zip`
    Execution halted
Flavor: r-oldrel-windows-ix86+x86_64