Last updated on 2020-07-02 02:09:42 CEST.
Flavor | Version | Tinstall | Tcheck | Ttotal | Status | Flags |
---|---|---|---|---|---|---|
r-devel-linux-x86_64-debian-clang | 1.1 | 15.42 | 130.73 | 146.15 | NOTE | |
r-devel-linux-x86_64-debian-gcc | 1.1 | 11.44 | 98.17 | 109.61 | NOTE | |
r-devel-linux-x86_64-fedora-clang | 1.1 | 187.39 | NOTE | |||
r-devel-linux-x86_64-fedora-gcc | 1.1 | 177.23 | NOTE | |||
r-devel-windows-ix86+x86_64 | 1.1 | 47.00 | 129.00 | 176.00 | NOTE | |
r-patched-linux-x86_64 | 1.1 | 13.95 | 125.91 | 139.86 | NOTE | |
r-patched-solaris-x86 | 1.1 | 271.40 | NOTE | |||
r-release-linux-x86_64 | 1.1 | 13.23 | 125.89 | 139.12 | NOTE | |
r-release-osx-x86_64 | 1.1 | NOTE | ||||
r-release-windows-ix86+x86_64 | 1.1 | 28.00 | 134.00 | 162.00 | NOTE | |
r-oldrel-osx-x86_64 | 1.1 | NOTE | ||||
r-oldrel-windows-ix86+x86_64 | 1.1 | 42.00 | 187.00 | 229.00 | NOTE |
Version: 1.1
Check: R code for possible problems
Result: NOTE
AMOEBA : Classi: no visible global function definition for 'sd'
Undefined global functions or variables:
sd
Consider adding
importFrom("stats", "sd")
to your NAMESPACE file.
Flavors: r-devel-linux-x86_64-debian-clang, r-devel-linux-x86_64-debian-gcc, r-devel-linux-x86_64-fedora-clang, r-devel-linux-x86_64-fedora-gcc, r-devel-windows-ix86+x86_64, r-patched-linux-x86_64, r-patched-solaris-x86, r-release-linux-x86_64, r-release-osx-x86_64, r-release-windows-ix86+x86_64, r-oldrel-osx-x86_64, r-oldrel-windows-ix86+x86_64