CRAN Package Check Results for Package ANOVAIREVA

Last updated on 2020-07-02 02:09:42 CEST.

Flavor Version Tinstall Tcheck Ttotal Status Flags
r-devel-linux-x86_64-debian-clang 0.1.0 2.24 17.78 20.02 OK
r-devel-linux-x86_64-debian-gcc 0.1.0 1.76 14.20 15.96 OK
r-devel-linux-x86_64-fedora-clang 0.1.0 33.09 NOTE
r-devel-linux-x86_64-fedora-gcc 0.1.0 23.93 NOTE
r-devel-windows-ix86+x86_64 0.1.0 15.00 43.00 58.00 OK
r-patched-linux-x86_64 0.1.0 1.88 17.72 19.60 OK
r-patched-solaris-x86 0.1.0 37.60 NOTE
r-release-linux-x86_64 0.1.0 1.92 17.71 19.63 OK
r-release-osx-x86_64 0.1.0 NOTE
r-release-windows-ix86+x86_64 0.1.0 10.00 33.00 43.00 OK
r-oldrel-osx-x86_64 0.1.0 NOTE
r-oldrel-windows-ix86+x86_64 0.1.0 7.00 63.00 70.00 OK

Check Details

Version: 0.1.0
Check: dependencies in R code
Result: NOTE
    Namespaces in Imports field not imported from:
     ‘car’ ‘datasets’ ‘dplyr’ ‘ggplot2’ ‘plotly’ ‘shiny’
     All declared Imports should be used.
Flavors: r-devel-linux-x86_64-fedora-clang, r-devel-linux-x86_64-fedora-gcc, r-patched-solaris-x86, r-release-osx-x86_64, r-oldrel-osx-x86_64