Last updated on 2020-07-02 02:09:42 CEST.
Flavor | Version | Tinstall | Tcheck | Ttotal | Status | Flags |
---|---|---|---|---|---|---|
r-devel-linux-x86_64-debian-clang | 1.0-4 | 26.53 | 384.44 | 410.97 | NOTE | |
r-devel-linux-x86_64-debian-gcc | 1.0-4 | 21.22 | 363.73 | 384.95 | NOTE | |
r-devel-linux-x86_64-fedora-clang | 1.0-4 | 520.90 | NOTE | |||
r-devel-linux-x86_64-fedora-gcc | 1.0-4 | 585.93 | NOTE | |||
r-devel-windows-ix86+x86_64 | 1.0-4 | 66.00 | 108.00 | 174.00 | OK | --no-examples --no-tests --no-vignettes |
r-patched-linux-x86_64 | 1.0-4 | 23.26 | 425.43 | 448.69 | NOTE | |
r-patched-solaris-x86 | 1.0-4 | 2126.50 | WARN | |||
r-release-linux-x86_64 | 1.0-4 | 21.61 | 424.85 | 446.46 | NOTE | |
r-release-osx-x86_64 | 1.0-4 | OK | ||||
r-release-windows-ix86+x86_64 | 1.0-4 | 50.00 | 95.00 | 145.00 | OK | --no-examples --no-tests --no-vignettes |
r-oldrel-osx-x86_64 | 1.0-4 | OK | ||||
r-oldrel-windows-ix86+x86_64 | 1.0-4 | 62.00 | 143.00 | 205.00 | OK | --no-examples --no-tests --no-vignettes |
Version: 1.0-4
Check: for non-standard things in the check directory
Result: NOTE
Found the following files/directories:
'MSToutput.txt'
Flavors: r-devel-linux-x86_64-debian-clang, r-devel-linux-x86_64-debian-gcc, r-devel-linux-x86_64-fedora-clang, r-devel-linux-x86_64-fedora-gcc, r-patched-linux-x86_64, r-patched-solaris-x86, r-release-linux-x86_64
Version: 1.0-4
Check: re-building of vignette outputs
Result: WARN
Error(s) in re-building vignettes:
...
--- re-building ‘asmapvignette.Rnw’ using knitr
Warning in summary.cross(cross) :
Some markers at the same position on chr 1B1,1D,2B,2D1,3A,3B,3D,4A,5A,5B,5D,6D,7A,7B,7D; use jittermap().
Warning in summary.cross(cross) :
Some chromosomes > 1000 cM in length; there may be a problem with the genetic map.
(Perhaps it is in basepairs?)
Warning in summary.cross(cross) :
Some markers at the same position on chr L.1,L.2,L.3,L.4,L.5,L.6,L.7,L.8,L.9; use jittermap().
Warning in heatMap(mapBC6, chr = c("L.3", "L.5", "L.8", "L.9"), lmax = 70) :
Running est.rf.
Warning in summary.cross(cross) :
Some markers at the same position on chr L.1,L.2,L.3,L.4,L.5,L.6,L.7; use jittermap().
Flavor: r-patched-solaris-x86