Last updated on 2020-07-02 02:09:43 CEST.
Flavor | Version | Tinstall | Tcheck | Ttotal | Status | Flags |
---|---|---|---|---|---|---|
r-devel-linux-x86_64-debian-clang | 0.1.3 | 3.12 | 26.76 | 29.88 | OK | |
r-devel-linux-x86_64-debian-gcc | 0.1.3 | 2.96 | 20.78 | 23.74 | OK | |
r-devel-linux-x86_64-fedora-clang | 0.1.3 | 46.72 | NOTE | |||
r-devel-linux-x86_64-fedora-gcc | 0.1.3 | 36.17 | NOTE | |||
r-devel-windows-ix86+x86_64 | 0.1.3 | 9.00 | 38.00 | 47.00 | OK | |
r-patched-linux-x86_64 | 0.1.3 | 3.27 | 26.47 | 29.74 | OK | |
r-patched-solaris-x86 | 0.1.3 | 51.50 | NOTE | |||
r-release-linux-x86_64 | 0.1.3 | 3.27 | 26.60 | 29.87 | OK | |
r-release-osx-x86_64 | 0.1.3 | NOTE | ||||
r-release-windows-ix86+x86_64 | 0.1.3 | 7.00 | 41.00 | 48.00 | OK | |
r-oldrel-osx-x86_64 | 0.1.3 | NOTE | ||||
r-oldrel-windows-ix86+x86_64 | 0.1.3 | 15.00 | 65.00 | 80.00 | OK |
Version: 0.1.3
Check: dependencies in R code
Result: NOTE
Namespace in Imports field not imported from: ‘R.utils’
All declared Imports should be used.
Flavors: r-devel-linux-x86_64-fedora-clang, r-devel-linux-x86_64-fedora-gcc, r-patched-solaris-x86, r-release-osx-x86_64, r-oldrel-osx-x86_64