Last updated on 2020-07-02 02:09:42 CEST.
Flavor | Version | Tinstall | Tcheck | Ttotal | Status | Flags |
---|---|---|---|---|---|---|
r-devel-linux-x86_64-debian-clang | 0.1.0 | 9.82 | 79.22 | 89.04 | OK | |
r-devel-linux-x86_64-debian-gcc | 0.1.0 | 8.54 | 60.90 | 69.44 | OK | |
r-devel-linux-x86_64-fedora-clang | 0.1.0 | 97.41 | NOTE | |||
r-devel-linux-x86_64-fedora-gcc | 0.1.0 | 88.85 | NOTE | |||
r-devel-windows-ix86+x86_64 | 0.1.0 | 39.00 | 117.00 | 156.00 | OK | |
r-patched-linux-x86_64 | 0.1.0 | 11.01 | 77.72 | 88.73 | OK | |
r-patched-solaris-x86 | 0.1.0 | 6.00 | ERROR | |||
r-release-linux-x86_64 | 0.1.0 | 11.07 | 77.69 | 88.76 | OK | |
r-release-osx-x86_64 | 0.1.0 | NOTE | ||||
r-release-windows-ix86+x86_64 | 0.1.0 | 25.00 | 85.00 | 110.00 | OK | |
r-oldrel-osx-x86_64 | 0.1.0 | NOTE | ||||
r-oldrel-windows-ix86+x86_64 | 0.1.0 | 26.00 | 136.00 | 162.00 | OK |
Version: 0.1.0
Check: package dependencies
Result: NOTE
Imports includes 21 non-default packages.
Importing from so many packages makes the package vulnerable to any of
them becoming unavailable. Move as many as possible to Suggests and
use conditionally.
Flavor: r-devel-linux-x86_64-fedora-clang
Version: 0.1.0
Check: dependencies in R code
Result: NOTE
Namespaces in Imports field not imported from:
‘lubridate’ ‘parallel’ ‘rsvg’ ‘scales’
All declared Imports should be used.
Flavors: r-devel-linux-x86_64-fedora-clang, r-devel-linux-x86_64-fedora-gcc, r-release-osx-x86_64, r-oldrel-osx-x86_64
Version: 0.1.0
Check: package dependencies
Result: ERROR
Package required but not available: ‘rsvg’
See section ‘The DESCRIPTION file’ in the ‘Writing R Extensions’
manual.
Flavor: r-patched-solaris-x86