CRAN Package Check Results for Package ArchaeoPhases

Last updated on 2020-07-02 02:09:42 CEST.

Flavor Version Tinstall Tcheck Ttotal Status Flags
r-devel-linux-x86_64-debian-clang 1.4.5 10.11 141.63 151.74 OK
r-devel-linux-x86_64-debian-gcc 1.4.5 7.49 108.70 116.19 OK
r-devel-linux-x86_64-fedora-clang 1.4.5 185.84 NOTE
r-devel-linux-x86_64-fedora-gcc 1.4.5 183.54 NOTE
r-devel-windows-ix86+x86_64 1.4.5 39.00 244.00 283.00 OK
r-patched-linux-x86_64 1.4.5 8.72 140.93 149.65 OK
r-patched-solaris-x86 1.4.5 273.60 NOTE
r-release-linux-x86_64 1.4.5 8.87 140.71 149.58 OK
r-release-osx-x86_64 1.4.5 NOTE
r-release-windows-ix86+x86_64 1.4.5 19.00 157.00 176.00 OK
r-oldrel-osx-x86_64 1.4.5 NOTE
r-oldrel-windows-ix86+x86_64 1.4.5 29.00 253.00 282.00 OK

Check Details

Version: 1.4.5
Check: dependencies in R code
Result: NOTE
    Namespace in Imports field not imported from: ‘DT’
     All declared Imports should be used.
Flavors: r-devel-linux-x86_64-fedora-clang, r-devel-linux-x86_64-fedora-gcc, r-patched-solaris-x86, r-release-osx-x86_64, r-oldrel-osx-x86_64