Last updated on 2020-07-02 02:09:43 CEST.
Flavor | Version | Tinstall | Tcheck | Ttotal | Status | Flags |
---|---|---|---|---|---|---|
r-devel-linux-x86_64-debian-clang | 2.0.1 | 115.38 | 294.98 | 410.36 | OK | |
r-devel-linux-x86_64-debian-gcc | 2.0.1 | 92.45 | 211.29 | 303.74 | OK | |
r-devel-linux-x86_64-fedora-clang | 2.0.1 | 511.86 | NOTE | |||
r-devel-linux-x86_64-fedora-gcc | 2.0.1 | 512.35 | OK | |||
r-devel-windows-ix86+x86_64 | 2.0.1 | 265.00 | 523.00 | 788.00 | NOTE | |
r-patched-linux-x86_64 | 2.0.1 | 97.47 | 285.91 | 383.38 | OK | |
r-patched-solaris-x86 | 2.0.1 | 561.00 | NOTE | |||
r-release-linux-x86_64 | 2.0.1 | 94.29 | 285.38 | 379.67 | OK | |
r-release-osx-x86_64 | 2.0.1 | NOTE | ||||
r-release-windows-ix86+x86_64 | 2.0.1 | 262.00 | 518.00 | 780.00 | NOTE | |
r-oldrel-osx-x86_64 | 2.0.1 | NOTE | ||||
r-oldrel-windows-ix86+x86_64 | 2.0.1 | 243.00 | 525.00 | 768.00 | NOTE |
Version: 2.0.1
Check: installed package size
Result: NOTE
installed size is 10.7Mb
sub-directories of 1Mb or more:
doc 3.3Mb
libs 6.0Mb
Flavors: r-devel-linux-x86_64-fedora-clang, r-devel-windows-ix86+x86_64, r-patched-solaris-x86, r-release-osx-x86_64, r-release-windows-ix86+x86_64, r-oldrel-osx-x86_64, r-oldrel-windows-ix86+x86_64