CRAN Package Check Results for Package BayesFactor

Last updated on 2020-07-02 02:09:43 CEST.

Flavor Version Tinstall Tcheck Ttotal Status Flags
r-devel-linux-x86_64-debian-clang 0.9.12-4.2 285.77 302.85 588.62 OK
r-devel-linux-x86_64-debian-gcc 0.9.12-4.2 207.78 226.26 434.04 OK
r-devel-linux-x86_64-fedora-clang 0.9.12-4.2 754.54 NOTE
r-devel-linux-x86_64-fedora-gcc 0.9.12-4.2 708.06 OK
r-devel-windows-ix86+x86_64 0.9.12-4.2 671.00 454.00 1125.00 NOTE
r-patched-linux-x86_64 0.9.12-4.2 209.26 291.52 500.78 OK
r-patched-solaris-x86 0.9.12-4.2 763.20 NOTE
r-release-linux-x86_64 0.9.12-4.2 216.87 291.98 508.85 OK
r-release-osx-x86_64 0.9.12-4.2 NOTE
r-release-windows-ix86+x86_64 0.9.12-4.2 474.00 335.00 809.00 NOTE
r-oldrel-osx-x86_64 0.9.12-4.2 NOTE
r-oldrel-windows-ix86+x86_64 0.9.12-4.2 468.00 461.00 929.00 NOTE

Check Details

Version: 0.9.12-4.2
Check: installed package size
Result: NOTE
     installed size is 22.6Mb
     sub-directories of 1Mb or more:
     doc 5.4Mb
     libs 16.0Mb
Flavors: r-devel-linux-x86_64-fedora-clang, r-devel-windows-ix86+x86_64, r-patched-solaris-x86, r-release-osx-x86_64, r-release-windows-ix86+x86_64, r-oldrel-osx-x86_64, r-oldrel-windows-ix86+x86_64

Version: 0.9.12-4.2
Check: package dependencies
Result: NOTE
    Package suggested but not available for checking: 'doMC'
Flavors: r-devel-windows-ix86+x86_64, r-release-windows-ix86+x86_64, r-oldrel-windows-ix86+x86_64