Last updated on 2020-07-02 02:09:43 CEST.
Flavor | Version | Tinstall | Tcheck | Ttotal | Status | Flags |
---|---|---|---|---|---|---|
r-devel-linux-x86_64-debian-clang | 0.1.0 | 6.63 | 42.99 | 49.62 | OK | |
r-devel-linux-x86_64-debian-gcc | 0.1.0 | 4.99 | 33.58 | 38.57 | OK | |
r-devel-linux-x86_64-fedora-clang | 0.1.0 | 70.48 | NOTE | |||
r-devel-linux-x86_64-fedora-gcc | 0.1.0 | 62.05 | NOTE | |||
r-devel-windows-ix86+x86_64 | 0.1.0 | 23.00 | 149.00 | 172.00 | OK | |
r-patched-linux-x86_64 | 0.1.0 | 5.63 | 43.47 | 49.10 | OK | |
r-patched-solaris-x86 | 0.1.0 | 121.10 | OK | |||
r-release-linux-x86_64 | 0.1.0 | 5.32 | 42.46 | 47.78 | OK | |
r-release-osx-x86_64 | 0.1.0 | OK | ||||
r-release-windows-ix86+x86_64 | 0.1.0 | 17.00 | 95.00 | 112.00 | OK | |
r-oldrel-osx-x86_64 | 0.1.0 | OK | ||||
r-oldrel-windows-ix86+x86_64 | 0.1.0 | 15.00 | 124.00 | 139.00 | OK |
Version: 0.1.0
Check: compiled code
Result: NOTE
File ‘BayesGPfit/libs/BayesGPfit.so’:
Found no calls to: ‘R_registerRoutines’, ‘R_useDynamicSymbols’
It is good practice to register native routines and to disable symbol
search.
See ‘Writing portable packages’ in the ‘Writing R Extensions’ manual.
Flavors: r-devel-linux-x86_64-fedora-clang, r-devel-linux-x86_64-fedora-gcc