Last updated on 2020-07-02 02:09:43 CEST.
Flavor | Version | Tinstall | Tcheck | Ttotal | Status | Flags |
---|---|---|---|---|---|---|
r-devel-linux-x86_64-debian-clang | 1.1-2 | 214.20 | 104.90 | 319.10 | OK | |
r-devel-linux-x86_64-debian-gcc | 1.1-2 | 164.06 | 80.17 | 244.23 | OK | |
r-devel-linux-x86_64-fedora-clang | 1.1-2 | 448.16 | NOTE | |||
r-devel-linux-x86_64-fedora-gcc | 1.1-2 | 413.45 | OK | |||
r-devel-windows-ix86+x86_64 | 1.1-2 | 469.00 | 169.00 | 638.00 | NOTE | |
r-patched-linux-x86_64 | 1.1-2 | 177.07 | 102.48 | 279.55 | OK | |
r-patched-solaris-x86 | 1.1-2 | 330.40 | OK | |||
r-release-linux-x86_64 | 1.1-2 | 175.98 | 102.64 | 278.62 | OK | |
r-release-osx-x86_64 | 1.1-2 | NOTE | ||||
r-release-windows-ix86+x86_64 | 1.1-2 | 336.00 | 171.00 | 507.00 | NOTE | |
r-oldrel-osx-x86_64 | 1.1-2 | NOTE | ||||
r-oldrel-windows-ix86+x86_64 | 1.1-2 | 356.00 | 233.00 | 589.00 | NOTE |
Version: 1.1-2
Check: installed package size
Result: NOTE
installed size is 18.8Mb
sub-directories of 1Mb or more:
data 1.5Mb
libs 16.5Mb
Flavors: r-devel-linux-x86_64-fedora-clang, r-devel-windows-ix86+x86_64, r-release-osx-x86_64, r-release-windows-ix86+x86_64, r-oldrel-osx-x86_64, r-oldrel-windows-ix86+x86_64