CRAN Package Check Results for Package Bmix

Last updated on 2020-07-02 02:09:44 CEST.

Flavor Version Tinstall Tcheck Ttotal Status Flags
r-devel-linux-x86_64-debian-clang 0.6 11.44 19.89 31.33 OK
r-devel-linux-x86_64-debian-gcc 0.6 7.62 15.78 23.40 OK
r-devel-linux-x86_64-fedora-clang 0.6 54.75 NOTE
r-devel-linux-x86_64-fedora-gcc 0.6 35.36 NOTE
r-devel-windows-ix86+x86_64 0.6 34.00 51.00 85.00 OK
r-patched-linux-x86_64 0.6 8.93 19.67 28.60 OK
r-patched-solaris-x86 0.6 56.10 OK
r-release-linux-x86_64 0.6 9.91 19.73 29.64 OK
r-release-osx-x86_64 0.6 OK
r-release-windows-ix86+x86_64 0.6 34.00 65.00 99.00 OK
r-oldrel-osx-x86_64 0.6 OK
r-oldrel-windows-ix86+x86_64 0.6 38.00 47.00 85.00 OK

Check Details

Version: 0.6
Check: compiled code
Result: NOTE
    File ‘Bmix/libs/Bmix.so’:
     Found no calls to: ‘R_registerRoutines’, ‘R_useDynamicSymbols’
    
    It is good practice to register native routines and to disable symbol
    search.
    
    See ‘Writing portable packages’ in the ‘Writing R Extensions’ manual.
Flavors: r-devel-linux-x86_64-fedora-clang, r-devel-linux-x86_64-fedora-gcc