CRAN Package Check Results for Package Buddle

Last updated on 2020-07-02 02:09:44 CEST.

Flavor Version Tinstall Tcheck Ttotal Status Flags
r-devel-linux-x86_64-debian-clang 2.0.1 54.76 30.33 85.09 OK
r-devel-linux-x86_64-debian-gcc 2.0.1 40.77 24.71 65.48 OK
r-devel-linux-x86_64-fedora-clang 2.0.1 115.29 NOTE
r-devel-linux-x86_64-fedora-gcc 2.0.1 100.42 OK
r-devel-windows-ix86+x86_64 2.0.1 119.00 69.00 188.00 OK
r-patched-linux-x86_64 2.0.1 40.13 30.29 70.42 OK
r-patched-solaris-x86 2.0.1 103.00 OK
r-release-linux-x86_64 2.0.1 36.27 29.89 66.16 OK
r-release-osx-x86_64 2.0.1 NOTE
r-release-windows-ix86+x86_64 2.0.1 85.00 65.00 150.00 OK
r-oldrel-osx-x86_64 2.0.1 NOTE
r-oldrel-windows-ix86+x86_64 2.0.1 84.00 91.00 175.00 OK

Check Details

Version: 2.0.1
Check: installed package size
Result: NOTE
     installed size is 5.1Mb
     sub-directories of 1Mb or more:
     libs 4.9Mb
Flavors: r-devel-linux-x86_64-fedora-clang, r-release-osx-x86_64, r-oldrel-osx-x86_64