CRAN Package Check Results for Package CARLIT

Last updated on 2020-07-02 02:09:44 CEST.

Flavor Version Tinstall Tcheck Ttotal Status Flags
r-devel-linux-x86_64-debian-clang 1.0 2.13 20.13 22.26 NOTE
r-devel-linux-x86_64-debian-gcc 1.0 1.70 16.31 18.01 NOTE
r-devel-linux-x86_64-fedora-clang 1.0 35.40 NOTE
r-devel-linux-x86_64-fedora-gcc 1.0 25.99 NOTE
r-devel-windows-ix86+x86_64 1.0 6.00 31.00 37.00 NOTE
r-patched-linux-x86_64 1.0 2.15 20.22 22.37 NOTE
r-patched-solaris-x86 1.0 41.90 NOTE
r-release-linux-x86_64 1.0 2.17 20.17 22.34 NOTE
r-release-osx-x86_64 1.0 NOTE
r-release-windows-ix86+x86_64 1.0 5.00 30.00 35.00 NOTE
r-oldrel-osx-x86_64 1.0 NOTE
r-oldrel-windows-ix86+x86_64 1.0 5.00 42.00 47.00 NOTE

Check Details

Version: 1.0
Check: R code for possible problems
Result: NOTE
    barplotEQR: no visible global function definition for 'barplot'
    barplotEQR: no visible global function definition for 'abline'
    barplotEQR: no visible global function definition for 'par'
    barplotEQR: no visible global function definition for 'text'
    Undefined global functions or variables:
     abline barplot par text
    Consider adding
     importFrom("graphics", "abline", "barplot", "par", "text")
    to your NAMESPACE file.
Flavors: r-devel-linux-x86_64-debian-clang, r-devel-linux-x86_64-debian-gcc, r-devel-linux-x86_64-fedora-clang, r-devel-linux-x86_64-fedora-gcc, r-devel-windows-ix86+x86_64, r-patched-linux-x86_64, r-patched-solaris-x86, r-release-linux-x86_64, r-release-osx-x86_64, r-release-windows-ix86+x86_64, r-oldrel-osx-x86_64, r-oldrel-windows-ix86+x86_64