Last updated on 2020-07-02 02:09:45 CEST.
Flavor | Version | Tinstall | Tcheck | Ttotal | Status | Flags |
---|---|---|---|---|---|---|
r-devel-linux-x86_64-debian-clang | 0.1.0 | 2.02 | 17.79 | 19.81 | OK | |
r-devel-linux-x86_64-debian-gcc | 0.1.0 | 1.74 | 14.14 | 15.88 | OK | |
r-devel-linux-x86_64-fedora-clang | 0.1.0 | 33.26 | NOTE | |||
r-devel-linux-x86_64-fedora-gcc | 0.1.0 | 23.71 | NOTE | |||
r-devel-windows-ix86+x86_64 | 0.1.0 | 18.00 | 42.00 | 60.00 | OK | |
r-patched-linux-x86_64 | 0.1.0 | 1.93 | 17.60 | 19.53 | OK | |
r-patched-solaris-x86 | 0.1.0 | 39.80 | NOTE | |||
r-release-linux-x86_64 | 0.1.0 | 2.13 | 17.75 | 19.88 | OK | |
r-release-osx-x86_64 | 0.1.0 | NOTE | ||||
r-release-windows-ix86+x86_64 | 0.1.0 | 9.00 | 29.00 | 38.00 | OK | |
r-oldrel-osx-x86_64 | 0.1.0 | NOTE | ||||
r-oldrel-windows-ix86+x86_64 | 0.1.0 | 7.00 | 67.00 | 74.00 | OK |
Version: 0.1.0
Check: dependencies in R code
Result: NOTE
Namespaces in Imports field not imported from:
‘MASS’ ‘cluster’ ‘datasets’ ‘dplyr’ ‘klaR’ ‘psycho’ ‘shiny’
All declared Imports should be used.
Flavors: r-devel-linux-x86_64-fedora-clang, r-devel-linux-x86_64-fedora-gcc, r-patched-solaris-x86, r-release-osx-x86_64, r-oldrel-osx-x86_64