Last updated on 2020-07-02 02:09:45 CEST.
Flavor | Version | Tinstall | Tcheck | Ttotal | Status | Flags |
---|---|---|---|---|---|---|
r-devel-linux-x86_64-debian-clang | 3.0.9 | 46.14 | 639.80 | 685.94 | OK | |
r-devel-linux-x86_64-debian-gcc | 3.0.9 | 38.36 | 485.52 | 523.88 | OK | |
r-devel-linux-x86_64-fedora-clang | 3.0.9 | 909.35 | NOTE | |||
r-devel-linux-x86_64-fedora-gcc | 3.0.9 | 898.43 | OK | |||
r-devel-windows-ix86+x86_64 | 3.0.9 | 177.00 | 883.00 | 1060.00 | OK | |
r-patched-linux-x86_64 | 3.0.9 | 43.54 | 627.16 | 670.70 | OK | |
r-patched-solaris-x86 | 3.0.9 | 1296.30 | NOTE | |||
r-release-linux-x86_64 | 3.0.9 | 42.94 | 624.08 | 667.02 | OK | |
r-release-osx-x86_64 | 3.0.9 | ERROR | ||||
r-release-windows-ix86+x86_64 | 3.0.9 | 134.00 | 600.00 | 734.00 | OK | |
r-oldrel-osx-x86_64 | 3.0.9 | ERROR | ||||
r-oldrel-windows-ix86+x86_64 | 3.0.9 | 163.00 | 844.00 | 1007.00 | OK |
Version: 3.0.9
Check: package dependencies
Result: NOTE
Imports includes 43 non-default packages.
Importing from so many packages makes the package vulnerable to any of
them becoming unavailable. Move as many as possible to Suggests and
use conditionally.
Flavor: r-devel-linux-x86_64-fedora-clang
Version: 3.0.9
Check: installed package size
Result: NOTE
installed size is 5.2Mb
sub-directories of 1Mb or more:
doc 3.1Mb
extdata 1.8Mb
Flavor: r-patched-solaris-x86
Version: 3.0.9
Check: package dependencies
Result: ERROR
Packages required but not available:
'InteractionSet', 'GenomicInteractions'
See section ‘The DESCRIPTION file’ in the ‘Writing R Extensions’
manual.
Flavor: r-release-osx-x86_64
Version: 3.0.9
Check: package dependencies
Result: ERROR
Packages required but not available:
'InteractionSet', 'GenomicInteractions',
'BSgenome.Hsapiens.UCSC.hg19'
See section ‘The DESCRIPTION file’ in the ‘Writing R Extensions’
manual.
Flavor: r-oldrel-osx-x86_64