Last updated on 2020-07-02 02:09:45 CEST.
Flavor | Version | Tinstall | Tcheck | Ttotal | Status | Flags |
---|---|---|---|---|---|---|
r-devel-linux-x86_64-debian-clang | 2.0 | 3.06 | 32.22 | 35.28 | NOTE | |
r-devel-linux-x86_64-debian-gcc | 2.0 | 2.84 | 25.56 | 28.40 | NOTE | |
r-devel-linux-x86_64-fedora-clang | 2.0 | 52.21 | NOTE | |||
r-devel-linux-x86_64-fedora-gcc | 2.0 | 42.58 | NOTE | |||
r-devel-windows-ix86+x86_64 | 2.0 | 9.00 | 52.00 | 61.00 | NOTE | |
r-patched-linux-x86_64 | 2.0 | 3.27 | 32.32 | 35.59 | NOTE | |
r-patched-solaris-x86 | 2.0 | 77.90 | NOTE | |||
r-release-linux-x86_64 | 2.0 | 3.17 | 32.24 | 35.41 | NOTE | |
r-release-osx-x86_64 | 2.0 | NOTE | ||||
r-release-windows-ix86+x86_64 | 2.0 | 7.00 | 51.00 | 58.00 | NOTE | |
r-oldrel-osx-x86_64 | 2.0 | NOTE | ||||
r-oldrel-windows-ix86+x86_64 | 2.0 | 7.00 | 79.00 | 86.00 | NOTE |
Version: 2.0
Check: R code for possible problems
Result: NOTE
CNclusterNcenter: no visible global function definition for 'median'
CNclusterNcenter: no visible binding for global variable 'var'
breakIntoGaps: no visible global function definition for 'runif'
centerprob: no visible global function definition for 'pnorm'
getz: no visible global function definition for 'predict'
smad: no visible global function definition for 'mad'
smedian: no visible global function definition for 'median'
smedian.sample: no visible global function definition for 'median'
smedmad: no visible global function definition for 'median'
smedmad: no visible global function definition for 'mad'
Undefined global functions or variables:
mad median pnorm predict runif var
Consider adding
importFrom("stats", "mad", "median", "pnorm", "predict", "runif",
"var")
to your NAMESPACE file.
Flavors: r-devel-linux-x86_64-debian-clang, r-devel-linux-x86_64-debian-gcc, r-devel-linux-x86_64-fedora-clang, r-devel-linux-x86_64-fedora-gcc, r-devel-windows-ix86+x86_64, r-patched-linux-x86_64, r-patched-solaris-x86, r-release-linux-x86_64, r-release-osx-x86_64, r-release-windows-ix86+x86_64, r-oldrel-osx-x86_64, r-oldrel-windows-ix86+x86_64