CRAN Package Check Results for Package ChemometricsWithR

Last updated on 2020-07-02 02:09:45 CEST.

Flavor Version Tinstall Tcheck Ttotal Status Flags
r-devel-linux-x86_64-debian-clang 0.1.13 7.53 61.22 68.75 NOTE
r-devel-linux-x86_64-debian-gcc 0.1.13 6.09 45.27 51.36 NOTE
r-devel-linux-x86_64-fedora-clang 0.1.13 90.89 NOTE
r-devel-linux-x86_64-fedora-gcc 0.1.13 81.63 NOTE
r-devel-windows-ix86+x86_64 0.1.13 36.00 103.00 139.00 OK
r-patched-linux-x86_64 0.1.13 8.29 59.20 67.49 NOTE
r-patched-solaris-x86 0.1.13 106.40 NOTE
r-release-linux-x86_64 0.1.13 8.58 60.36 68.94 NOTE
r-release-osx-x86_64 0.1.13 NOTE
r-release-windows-ix86+x86_64 0.1.13 21.00 79.00 100.00 OK
r-oldrel-osx-x86_64 0.1.13 OK
r-oldrel-windows-ix86+x86_64 0.1.13 35.00 122.00 157.00 OK

Check Details

Version: 0.1.13
Check: package dependencies
Result: NOTE
    Package suggested but not available for checking: 'rda'
Flavors: r-devel-linux-x86_64-debian-clang, r-devel-linux-x86_64-debian-gcc, r-devel-linux-x86_64-fedora-clang, r-devel-linux-x86_64-fedora-gcc, r-patched-linux-x86_64, r-patched-solaris-x86, r-release-linux-x86_64, r-release-osx-x86_64